{"id":333,"date":"2025-06-09T10:16:25","date_gmt":"2025-06-09T07:16:25","guid":{"rendered":"https:\/\/marketplace.epassi.fi\/reijolan-fysioterapia\/?post_type=product&#038;p=333"},"modified":"2025-12-12T12:34:28","modified_gmt":"2025-12-12T10:34:28","slug":"tukipohjalliset-paketti-normaaliin-kenkiin","status":"publish","type":"product","link":"https:\/\/marketplace.epassi.fi\/reijolan-fysioterapia\/kauppa\/hyvinvointi\/fysioterapia\/tukipohjalliset-paketti-normaaliin-kenkiin\/","title":{"rendered":"Alaraajatutkimus"},"content":{"rendered":"<p>Alaraajatutkimus mik\u00e4li tarvitset yksil\u00f6llisi\u00e4 tukipohjallisia. Tukipohjalliset kustantavat erikseen halutun mallin mukaan hinnaston mukaan.<\/p>\n","protected":false},"excerpt":{"rendered":"<p>Osto voimassa kaksi (2) kuukautta.<\/p>\n","protected":false},"featured_media":339,"comment_status":"open","ping_status":"closed","template":"","meta":{"_acf_changed":false,"_kad_post_transparent":"default","_kad_post_title":"","_kad_post_layout":"default","_kad_post_sidebar_id":"","_kad_post_content_style":"default","_kad_post_vertical_padding":"default","_kad_post_feature":"","_kad_post_feature_position":"","_kad_post_header":false,"_kad_post_footer":false,"_kad_post_classname":""},"product_brand":[],"product_cat":[32,21],"product_tag":[],"class_list":{"0":"post-333","1":"product","2":"type-product","3":"status-publish","4":"has-post-thumbnail","6":"product_cat-fysioterapia","7":"product_cat-hyvinvointi","9":"first","10":"instock","11":"virtual","12":"purchasable","13":"product-type-simple","14":"entry","15":"content-bg","16":"loop-entry"},"acf":[],"_links":{"self":[{"href":"https:\/\/marketplace.epassi.fi\/reijolan-fysioterapia\/wp-json\/wp\/v2\/product\/333","targetHints":{"allow":["GET"]}}],"collection":[{"href":"https:\/\/marketplace.epassi.fi\/reijolan-fysioterapia\/wp-json\/wp\/v2\/product"}],"about":[{"href":"https:\/\/marketplace.epassi.fi\/reijolan-fysioterapia\/wp-json\/wp\/v2\/types\/product"}],"replies":[{"embeddable":true,"href":"https:\/\/marketplace.epassi.fi\/reijolan-fysioterapia\/wp-json\/wp\/v2\/comments?post=333"}],"wp:featuredmedia":[{"embeddable":true,"href":"https:\/\/marketplace.epassi.fi\/reijolan-fysioterapia\/wp-json\/wp\/v2\/media\/339"}],"wp:attachment":[{"href":"https:\/\/marketplace.epassi.fi\/reijolan-fysioterapia\/wp-json\/wp\/v2\/media?parent=333"}],"wp:term":[{"taxonomy":"product_brand","embeddable":true,"href":"https:\/\/marketplace.epassi.fi\/reijolan-fysioterapia\/wp-json\/wp\/v2\/product_brand?post=333"},{"taxonomy":"product_cat","embeddable":true,"href":"https:\/\/marketplace.epassi.fi\/reijolan-fysioterapia\/wp-json\/wp\/v2\/product_cat?post=333"},{"taxonomy":"product_tag","embeddable":true,"href":"https:\/\/marketplace.epassi.fi\/reijolan-fysioterapia\/wp-json\/wp\/v2\/product_tag?post=333"}],"curies":[{"name":"wp","href":"https:\/\/api.w.org\/{rel}","templated":true}]}}