{"id":273,"date":"2021-10-16T11:12:03","date_gmt":"2021-10-16T11:12:03","guid":{"rendered":"https:\/\/marketplace.epassi.fi\/rentoaika\/?post_type=product&#038;p=273"},"modified":"2025-10-30T13:42:19","modified_gmt":"2025-10-30T11:42:19","slug":"hieronta-50min","status":"publish","type":"product","link":"https:\/\/marketplace.epassi.fi\/rentoaika\/kauppa\/hyvinvointi\/hieronta\/hieronta-50min\/","title":{"rendered":"P\u00e4\u00e4hieronta 50min"},"content":{"rendered":"<p>50min t\u00e4sm\u00e4hieronnat. Voit valita ajanvarauksessa joko niska-hartia-, jalkojen- tai p\u00e4\u00e4nalueen hieronnan. <span style=\"font-family: var(--global-body-font-family);\">Napakkaa hierontaa rentouttavin ottein\u00a0 sis\u00e4lt\u00e4en tarpeen mukaan faskiak\u00e4sittely\u00e4,triggerhoitoa,l\u00e4mp\u00f6hoitoa, MET-tekniikkaa ja mobilisointia.\u00a0<\/span><\/p>\n<ul>\n<li>Hoitava p\u00e4\u00e4hieronta, jossa k\u00e4sitell\u00e4\u00e4n kaulan ja p\u00e4\u00e4n alueen lihaksia ja faskioita. Tarvittaessa k\u00e4sitell\u00e4\u00e4n tarkemmin kasvojen aluetta ja purentalihaksia. Sovitaan k\u00e4sitelt\u00e4v\u00e4t alueet ennen hoitoa ja jokin alue voidaan halutessasi j\u00e4tt\u00e4\u00e4 pois.<\/li>\n<li>Hieronnan j\u00e4lkeen saa unohtaa &#8221;tukka-hyvin&#8221;-p\u00e4iv\u00e4n, joten ennen\u00a0 t\u00e4rkeit\u00e4 menoja ei v\u00e4ltt\u00e4m\u00e4tt\u00e4 kannata p\u00e4\u00e4hierontaa varata.<\/li>\n<\/ul>\n<p>AJANVARAUS OSOITTEESSA www.rentoaika.fi<\/p>\n","protected":false},"excerpt":{"rendered":"<ul>\n<li>Hoitavava p\u00e4\u00e4hieronta, jossa k\u00e4sitell\u00e4\u00e4n kaulan ja p\u00e4\u00e4n alueen lihaksia ja faskioita. Tarvittaessa k\u00e4sitell\u00e4\u00e4n tarkemmin kasvojen aluetta ja purentalihaksia. Sovitaan k\u00e4sitelt\u00e4v\u00e4t alueet ennen hoitoa ja jokin alue voidaan halutessasi j\u00e4tt\u00e4\u00e4 pois.<\/li>\n<\/ul>\n<p>AJANVARAUS OSOITTEESSA www.rentoaika.fi<\/p>\n","protected":false},"featured_media":401,"comment_status":"open","ping_status":"closed","template":"","meta":{"_acf_changed":false,"_kad_post_transparent":"default","_kad_post_title":"","_kad_post_layout":"default","_kad_post_sidebar_id":"","_kad_post_content_style":"default","_kad_post_vertical_padding":"default","_kad_post_feature":"","_kad_post_feature_position":"","_kad_post_header":false,"_kad_post_footer":false,"_kad_post_classname":""},"product_brand":[],"product_cat":[31,21,15],"product_tag":[],"class_list":{"0":"post-273","1":"product","2":"type-product","3":"status-publish","4":"has-post-thumbnail","6":"product_cat-hieronta","7":"product_cat-hyvinvointi","8":"product_cat-yleinen","10":"first","11":"instock","12":"virtual","13":"purchasable","14":"product-type-simple","15":"entry","16":"content-bg","17":"loop-entry"},"acf":[],"_links":{"self":[{"href":"https:\/\/marketplace.epassi.fi\/rentoaika\/wp-json\/wp\/v2\/product\/273","targetHints":{"allow":["GET"]}}],"collection":[{"href":"https:\/\/marketplace.epassi.fi\/rentoaika\/wp-json\/wp\/v2\/product"}],"about":[{"href":"https:\/\/marketplace.epassi.fi\/rentoaika\/wp-json\/wp\/v2\/types\/product"}],"replies":[{"embeddable":true,"href":"https:\/\/marketplace.epassi.fi\/rentoaika\/wp-json\/wp\/v2\/comments?post=273"}],"wp:featuredmedia":[{"embeddable":true,"href":"https:\/\/marketplace.epassi.fi\/rentoaika\/wp-json\/wp\/v2\/media\/401"}],"wp:attachment":[{"href":"https:\/\/marketplace.epassi.fi\/rentoaika\/wp-json\/wp\/v2\/media?parent=273"}],"wp:term":[{"taxonomy":"product_brand","embeddable":true,"href":"https:\/\/marketplace.epassi.fi\/rentoaika\/wp-json\/wp\/v2\/product_brand?post=273"},{"taxonomy":"product_cat","embeddable":true,"href":"https:\/\/marketplace.epassi.fi\/rentoaika\/wp-json\/wp\/v2\/product_cat?post=273"},{"taxonomy":"product_tag","embeddable":true,"href":"https:\/\/marketplace.epassi.fi\/rentoaika\/wp-json\/wp\/v2\/product_tag?post=273"}],"curies":[{"name":"wp","href":"https:\/\/api.w.org\/{rel}","templated":true}]}}