{"id":22,"date":"2021-09-13T17:45:59","date_gmt":"2021-09-13T17:45:59","guid":{"rendered":"https:\/\/marketplace.epassi.fi\/sahkis\/?page_id=22"},"modified":"2021-10-12T10:57:35","modified_gmt":"2021-10-12T10:57:35","slug":"info","status":"publish","type":"page","link":"https:\/\/marketplace.epassi.fi\/sahkis\/info\/","title":{"rendered":"Info"},"content":{"rendered":"\n\t<div class=\"entry-content single-content\">\n\n\t\t<div class=\"wp-block-columns\" style=\"gap:30px\">\n\t\t\t<div class=\"wp-block-column\">\n\t\t\t\t<h2>Tietoa yrityksest\u00e4<\/h2>\n\t\t\t\t<p><p>Py\u00f6r\u00e4vuokraamo Tahkon keskeisimm\u00e4ll\u00e4 paikalla, heti Piazzan vieress\u00e4. Vuokraamoltamme onkin helppo ja nopea p\u00e4\u00e4sy alueen maastopy\u00f6r\u00e4ilyreiteille ja Bike Parkiin! Meilt\u00e4 vuokraat jokaiselle sopivat huippulaadukkaaat s\u00e4hk\u00f6py\u00f6r\u00e4t ja asiantunteva henkil\u00f6kuntamme opastaa sinua py\u00f6rien valinnassa. <\/p>\n<\/p>\n\t\t\t\t<h3>S\u00e4hkis ebikes<\/h3>\n\t\t\t\t<p>Saaristokatu 5<br>\n\t\t\t\t\t70620 Kuopio<\/p>\n\t\t\t\t<p><a href=\"tel:040 528 1180\">040 528 1180<\/a><\/p>\n\t\t\t\t<p><a href=\"mailto:antti@ebikes.fi\">antti@ebikes.fi<\/a><\/p>\n\n\t\t\t\t<h2>Toimipisteet<\/h2><div class=\"info-page-location-list\"><div class=\"info-page-location\"><h3>Tahkon vuokraamo<\/h3><p>S\u00e4\u00e4skiniementie 560, 73310 Tahkovuori<\/p><p><a href=\"tel:040 528 1180\">040 528 1180<\/a><br><a href=\"mail:antti@ebikes.fi\">antti@ebikes.fi<\/a><p><a href=\"https:\/\/www.google.com\/maps\/search\/?api=1&query=Google&query_place_id=ChIJH_u9qupFg0YRAnkoMzU9KnU\">Katso sijainti kartalla <span>&#8599;<\/span><\/a><\/p><\/p><p>ke-la 10:00 - 17:00<\/p><\/div><\/div>\t\t\t<\/div>\n\n\t\t\t<div class=\"wp-block-column\">\n\t\t\t\t<figure class=\"wp-block-image size-large\"><img loading=\"lazy\" decoding=\"async\" width=\"768\" height=\"576\" src=\"https:\/\/marketplace.epassi.fi\/sahkis\/wp-content\/uploads\/sites\/320\/2024\/02\/sahkirent-vuokraa-tahko-ePassi-768x576.jpeg\" class=\"attachment-medium_large size-medium_large\" alt=\"\" \/><\/figure>\n\t\t\t<\/div>\n\t\t<\/div>\n\t<\/div>\n\t\n","protected":false},"excerpt":{"rendered":"","protected":false},"author":2,"featured_media":0,"parent":0,"menu_order":0,"comment_status":"closed","ping_status":"closed","template":"","meta":{"_acf_changed":false,"_kad_post_transparent":"","_kad_post_title":"","_kad_post_layout":"","_kad_post_sidebar_id":"","_kad_post_content_style":"","_kad_post_vertical_padding":"","_kad_post_feature":"","_kad_post_feature_position":"","_kad_post_header":false,"_kad_post_footer":false,"_kad_post_classname":"","footnotes":""},"class_list":["post-22","page","type-page","status-publish","hentry"],"acf":[],"_links":{"self":[{"href":"https:\/\/marketplace.epassi.fi\/sahkis\/wp-json\/wp\/v2\/pages\/22","targetHints":{"allow":["GET"]}}],"collection":[{"href":"https:\/\/marketplace.epassi.fi\/sahkis\/wp-json\/wp\/v2\/pages"}],"about":[{"href":"https:\/\/marketplace.epassi.fi\/sahkis\/wp-json\/wp\/v2\/types\/page"}],"author":[{"embeddable":true,"href":"https:\/\/marketplace.epassi.fi\/sahkis\/wp-json\/wp\/v2\/users\/2"}],"replies":[{"embeddable":true,"href":"https:\/\/marketplace.epassi.fi\/sahkis\/wp-json\/wp\/v2\/comments?post=22"}],"version-history":[{"count":10,"href":"https:\/\/marketplace.epassi.fi\/sahkis\/wp-json\/wp\/v2\/pages\/22\/revisions"}],"predecessor-version":[{"id":264,"href":"https:\/\/marketplace.epassi.fi\/sahkis\/wp-json\/wp\/v2\/pages\/22\/revisions\/264"}],"wp:attachment":[{"href":"https:\/\/marketplace.epassi.fi\/sahkis\/wp-json\/wp\/v2\/media?parent=22"}],"curies":[{"name":"wp","href":"https:\/\/api.w.org\/{rel}","templated":true}]}}