{"id":282,"date":"2024-02-14T18:55:15","date_gmt":"2024-02-14T16:55:15","guid":{"rendered":"https:\/\/marketplace.epassi.fi\/sahkis\/?post_type=product&#038;p=282"},"modified":"2024-09-01T00:08:16","modified_gmt":"2024-08-31T21:08:16","slug":"giant-reign-e-3-taysjousto-emtb-3h","status":"publish","type":"product","link":"https:\/\/marketplace.epassi.fi\/sahkis\/kauppa\/liikuntaedut\/liikunta-muut\/giant-reign-e-3-taysjousto-emtb-3h\/","title":{"rendered":"Giant REIGN E+ 3- T\u00e4ysjousto eMTB (3h)"},"content":{"rendered":"<p>Koe joka reitti, jyrkk\u00e4 nousu ja j\u00e4nnitt\u00e4v\u00e4 lasku uudella tavalla. T\u00e4m\u00e4n giantin enduro-ammattilaisten testaaman ja kehitt\u00e4m\u00e4n p\u00e4ivitetyn s\u00e4hk\u00f6avusteisen enduropy\u00f6r\u00e4n satulassa voit nauttia suosikkireittiesi parhaista osista yh\u00e4 uudelleen ja uudelleen.<\/p>\n<h2 class=\"rbfw_muff_post_content_headline\">Ominaisuudet<\/h2>\n<ul>\n<li><i class=\"fas fa-bolt\"><\/i>Yamaha SyncDrive Pro 85Nm -moottori<\/li>\n<li><i class=\"fas fa-battery-full\"><\/i>EnergyPak 800Wh akku<\/li>\n<li><i class=\"fab fa-chrome\"><\/i>Hydrauliset levyjarrut<\/li>\n<li><i class=\"fas fa-bicycle\"><\/i>Maxxis Minion DHF 27,5&#215;2.6 ja 29&#215;2.6&#8243; -renkaat<\/li>\n<\/ul>\n<h2>Ty\u00f6suhdepy\u00f6r\u00e4<\/h2>\n<p>T\u00e4m\u00e4 py\u00f6r\u00e4 on my\u00f6s mahdollista hankkia EpassiBIKE-py\u00f6r\u00e4etuna meid\u00e4n kautta.<\/p>\n","protected":false},"excerpt":{"rendered":"<p>Py\u00f6ri\u00e4 on saatavana L ja XL kokoisena.<\/p>\n","protected":false},"featured_media":333,"comment_status":"open","ping_status":"closed","template":"","meta":{"_acf_changed":false,"_kad_post_transparent":"default","_kad_post_title":"","_kad_post_layout":"default","_kad_post_sidebar_id":"","_kad_post_content_style":"default","_kad_post_vertical_padding":"default","_kad_post_feature":"","_kad_post_feature_position":"","_kad_post_header":false,"_kad_post_footer":false,"_kad_post_classname":""},"product_brand":[],"product_cat":[29,19],"product_tag":[],"class_list":{"0":"post-282","1":"product","2":"type-product","3":"status-publish","4":"has-post-thumbnail","6":"product_cat-liikunta-muut","7":"product_cat-liikuntaedut","9":"first","10":"instock","11":"taxable","12":"shipping-taxable","13":"purchasable","14":"product-type-simple","15":"entry","16":"content-bg","17":"loop-entry"},"acf":[],"_links":{"self":[{"href":"https:\/\/marketplace.epassi.fi\/sahkis\/wp-json\/wp\/v2\/product\/282","targetHints":{"allow":["GET"]}}],"collection":[{"href":"https:\/\/marketplace.epassi.fi\/sahkis\/wp-json\/wp\/v2\/product"}],"about":[{"href":"https:\/\/marketplace.epassi.fi\/sahkis\/wp-json\/wp\/v2\/types\/product"}],"replies":[{"embeddable":true,"href":"https:\/\/marketplace.epassi.fi\/sahkis\/wp-json\/wp\/v2\/comments?post=282"}],"wp:featuredmedia":[{"embeddable":true,"href":"https:\/\/marketplace.epassi.fi\/sahkis\/wp-json\/wp\/v2\/media\/333"}],"wp:attachment":[{"href":"https:\/\/marketplace.epassi.fi\/sahkis\/wp-json\/wp\/v2\/media?parent=282"}],"wp:term":[{"taxonomy":"product_brand","embeddable":true,"href":"https:\/\/marketplace.epassi.fi\/sahkis\/wp-json\/wp\/v2\/product_brand?post=282"},{"taxonomy":"product_cat","embeddable":true,"href":"https:\/\/marketplace.epassi.fi\/sahkis\/wp-json\/wp\/v2\/product_cat?post=282"},{"taxonomy":"product_tag","embeddable":true,"href":"https:\/\/marketplace.epassi.fi\/sahkis\/wp-json\/wp\/v2\/product_tag?post=282"}],"curies":[{"name":"wp","href":"https:\/\/api.w.org\/{rel}","templated":true}]}}