{"id":320,"date":"2021-11-16T18:29:11","date_gmt":"2021-11-16T16:29:11","guid":{"rendered":"https:\/\/marketplace.epassi.fi\/salkkari\/?post_type=product&#038;p=320"},"modified":"2025-10-30T14:19:15","modified_gmt":"2025-10-30T12:19:15","slug":"salkkarin-lahjakortti-2","status":"publish","type":"product","link":"https:\/\/marketplace.epassi.fi\/salkkari\/kauppa\/hyvinvointi\/salkkarin-lahjakortti-2\/","title":{"rendered":"Salkkarin lahjakortti!"},"content":{"rendered":"","protected":false},"excerpt":{"rendered":"<p>Salkkarin lahjakortti jalkojen hemmotteluhoitoon.<\/p>\n<p>Hemmotteluhoito sis\u00e4lt\u00e4\u00e4: &#8211; perusjalkahoidon, sek\u00e4 lis\u00e4ksi voit valita esim. jalkojen kuorinta, hieronta, naamion tai vy\u00f6hyketerapeuttisen jalkahieronnan!<\/p>\n","protected":false},"featured_media":319,"comment_status":"open","ping_status":"closed","template":"","meta":{"_acf_changed":false,"_kad_post_transparent":"default","_kad_post_title":"","_kad_post_layout":"default","_kad_post_sidebar_id":"","_kad_post_content_style":"default","_kad_post_vertical_padding":"default","_kad_post_feature":"","_kad_post_feature_position":"","_kad_post_header":false,"_kad_post_footer":false,"_kad_post_classname":""},"product_brand":[],"product_cat":[21],"product_tag":[],"class_list":{"0":"post-320","1":"product","2":"type-product","3":"status-publish","4":"has-post-thumbnail","6":"product_cat-hyvinvointi","8":"first","9":"instock","10":"taxable","11":"shipping-taxable","12":"purchasable","13":"product-type-simple","14":"entry","15":"content-bg","16":"loop-entry"},"acf":[],"_links":{"self":[{"href":"https:\/\/marketplace.epassi.fi\/salkkari\/wp-json\/wp\/v2\/product\/320","targetHints":{"allow":["GET"]}}],"collection":[{"href":"https:\/\/marketplace.epassi.fi\/salkkari\/wp-json\/wp\/v2\/product"}],"about":[{"href":"https:\/\/marketplace.epassi.fi\/salkkari\/wp-json\/wp\/v2\/types\/product"}],"replies":[{"embeddable":true,"href":"https:\/\/marketplace.epassi.fi\/salkkari\/wp-json\/wp\/v2\/comments?post=320"}],"wp:featuredmedia":[{"embeddable":true,"href":"https:\/\/marketplace.epassi.fi\/salkkari\/wp-json\/wp\/v2\/media\/319"}],"wp:attachment":[{"href":"https:\/\/marketplace.epassi.fi\/salkkari\/wp-json\/wp\/v2\/media?parent=320"}],"wp:term":[{"taxonomy":"product_brand","embeddable":true,"href":"https:\/\/marketplace.epassi.fi\/salkkari\/wp-json\/wp\/v2\/product_brand?post=320"},{"taxonomy":"product_cat","embeddable":true,"href":"https:\/\/marketplace.epassi.fi\/salkkari\/wp-json\/wp\/v2\/product_cat?post=320"},{"taxonomy":"product_tag","embeddable":true,"href":"https:\/\/marketplace.epassi.fi\/salkkari\/wp-json\/wp\/v2\/product_tag?post=320"}],"curies":[{"name":"wp","href":"https:\/\/api.w.org\/{rel}","templated":true}]}}