{"id":398,"date":"2022-02-09T13:43:26","date_gmt":"2022-02-09T11:43:26","guid":{"rendered":"https:\/\/marketplace.epassi.fi\/studioyin\/?post_type=product&#038;p=398"},"modified":"2026-01-18T09:15:20","modified_gmt":"2026-01-18T07:15:20","slug":"studio-yin-online-talvimarkkinatarjous-20","status":"publish","type":"product","link":"https:\/\/marketplace.epassi.fi\/studioyin\/kauppa\/liikuntaedut\/jooga\/studio-yin-online-talvimarkkinatarjous-20\/","title":{"rendered":"Studio Yin Online yli 400 jooga- pilates -ja kehonhuoltoharjoitusta"},"content":{"rendered":"<p><strong><span class=\"text-center block\">SINUN HARJOITUKSESI &#8211; AINA MUKANA<br \/>\n&#8211; tarjous ePassi k\u00e4ytt\u00e4jille<\/span><\/strong><\/p>\n<div class=\" md: body_font_family text-center mb-3 md:mb-4 text-base md:text-xl\">\n<p>L\u00f6yd\u00e4 itsellesi sopivat harjoitukset yli 400 videon valikoimasta sek\u00e4 live-tunneilta. Hatha-, Flow-, Vinyasa- ja Yinjooga sek\u00e4 Pilates-, Barre- ja kehonhuoltotunnit. Tarjous koskee ensimm\u00e4ist\u00e4 tilausjaksoa<br \/>\n&#8211; kaikki harjoitukset rajattomasti k\u00e4yt\u00f6ss\u00e4si<\/p>\n<p><b>K\u00c4YTT\u00d6\u00d6NOTTO:<br \/>\n<\/b><\/p>\n<ol>\n<li><span style=\"font-family: var(--global-body-font-family)\">Maksu siirret\u00e4\u00e4n henkil\u00f6kohtaiselle Studio Yin Online tilillesi 1-2 vuorokauden kuluessa. Luo Studio Yin Online asiakastili <\/span><span style=\"font-family: var(--global-body-font-family)\">mik\u00e4li sinulla ei viel\u00e4 sellaista ole tai odota ett\u00e4 l\u00e4het\u00e4mme sinulle kutsun palveluun antamaasi s\u00e4hk\u00f6postiosoitteeseen.<\/span><\/li>\n<li><span style=\"font-family: var(--global-body-font-family)\">Valitse tuote ja maksa t\u00e4\u00e4ll\u00e4<\/span><\/li>\n<li>Luo asiakastili Studio Yin Online palveluun valitsemallasi palvelun kestolla. Alennus lis\u00e4t\u00e4\u00e4n j\u00e4lkeenp\u00e4in. <span style=\"font-family: var(--global-body-font-family)\">Luo <a href=\"https:\/\/online.studioyin.com\/\">Online asiakastili t\u00e4\u00e4ll\u00e4&gt;<\/a><\/span><\/li>\n<li>Maksu ja tilaus liitet\u00e4\u00e4n henkil\u00f6kohtaiselle Studio Yin Online tilillesi<\/li>\n<\/ol>\n<p>Voit ostaa tuotteen nyt ja ottaa k\u00e4ytt\u00f6\u00f6n my\u00f6hemmin.<\/p>\n<\/div>\n","protected":false},"excerpt":{"rendered":"<p><strong><span class=\"text-center block\">SINUN HARJOITUKSESI \u2013 AINA MUKANA<\/span><\/strong><\/p>\n<div class=\" md: body_font_family text-center mb-3 md:mb-4 text-base md:text-xl\">\n<p>L\u00f6yd\u00e4 itsellesi sopivat harjoitukset yli 400 videon valikoimasta sek\u00e4 live-tunneilta. Hatha-, Flow-, Vinyasa- ja Yinjooga sek\u00e4 Pilates-, Barre- ja kehonhuoltotunnit.<\/p>\n<p><b>K\u00c4YTT\u00d6\u00d6NOTTO:<br \/>\n<\/b><\/p>\n<ol>\n<li>Maksu siirret\u00e4\u00e4n henkil\u00f6kohtaiselle Studio Yin Online tilillesi 1-2 vuorokauden kuluessa. Luo Studio Yin Online asiakastili mik\u00e4li sinulla ei viel\u00e4 sellaista ole.<\/li>\n<li>Valitse tuote ja maksa t\u00e4\u00e4ll\u00e4<\/li>\n<li>Luo asikastili Studio Yin Online palveluun. Luo <a href=\"https:\/\/online.studioyin.com\/\">Online asiakastili t\u00e4\u00e4ll\u00e4&gt;<\/a><\/li>\n<li>Maksu ja tilaus liitet\u00e4\u00e4n henkil\u00f6kohtaiselle Studio Yin Online tilillesi<\/li>\n<\/ol>\n<\/div>\n","protected":false},"featured_media":698,"comment_status":"open","ping_status":"closed","template":"","meta":{"_acf_changed":false,"_kad_post_transparent":"default","_kad_post_title":"","_kad_post_layout":"default","_kad_post_sidebar_id":"","_kad_post_content_style":"default","_kad_post_vertical_padding":"default","_kad_post_feature":"","_kad_post_feature_position":"","_kad_post_header":false,"_kad_post_footer":false,"_kad_post_classname":""},"product_brand":[],"product_cat":[25,29,19,27,28],"product_tag":[],"class_list":{"0":"post-398","1":"product","2":"type-product","3":"status-publish","4":"has-post-thumbnail","6":"product_cat-jooga","7":"product_cat-liikunta-muut","8":"product_cat-liikuntaedut","9":"product_cat-ryhmaliikunta","10":"product_cat-verkkotreenit","12":"first","13":"instock","14":"sale","15":"taxable","16":"shipping-taxable","17":"purchasable","18":"product-type-variable","19":"entry","20":"content-bg","21":"loop-entry"},"acf":[],"_links":{"self":[{"href":"https:\/\/marketplace.epassi.fi\/studioyin\/wp-json\/wp\/v2\/product\/398","targetHints":{"allow":["GET"]}}],"collection":[{"href":"https:\/\/marketplace.epassi.fi\/studioyin\/wp-json\/wp\/v2\/product"}],"about":[{"href":"https:\/\/marketplace.epassi.fi\/studioyin\/wp-json\/wp\/v2\/types\/product"}],"replies":[{"embeddable":true,"href":"https:\/\/marketplace.epassi.fi\/studioyin\/wp-json\/wp\/v2\/comments?post=398"}],"wp:featuredmedia":[{"embeddable":true,"href":"https:\/\/marketplace.epassi.fi\/studioyin\/wp-json\/wp\/v2\/media\/698"}],"wp:attachment":[{"href":"https:\/\/marketplace.epassi.fi\/studioyin\/wp-json\/wp\/v2\/media?parent=398"}],"wp:term":[{"taxonomy":"product_brand","embeddable":true,"href":"https:\/\/marketplace.epassi.fi\/studioyin\/wp-json\/wp\/v2\/product_brand?post=398"},{"taxonomy":"product_cat","embeddable":true,"href":"https:\/\/marketplace.epassi.fi\/studioyin\/wp-json\/wp\/v2\/product_cat?post=398"},{"taxonomy":"product_tag","embeddable":true,"href":"https:\/\/marketplace.epassi.fi\/studioyin\/wp-json\/wp\/v2\/product_tag?post=398"}],"curies":[{"name":"wp","href":"https:\/\/api.w.org\/{rel}","templated":true}]}}