{"id":326,"date":"2021-12-01T15:16:05","date_gmt":"2021-12-01T13:16:05","guid":{"rendered":"https:\/\/marketplace.epassi.fi\/supergolf\/?post_type=product&#038;p=326"},"modified":"2026-01-01T05:01:45","modified_gmt":"2026-01-01T03:01:45","slug":"siirra-epassin-arvoa-supergolfiin","status":"publish","type":"product","link":"https:\/\/marketplace.epassi.fi\/supergolf\/kauppa\/liikuntaedut\/golf\/siirra-epassin-arvoa-supergolfiin\/","title":{"rendered":"Siirr\u00e4 Epassin arvoa Supergolfiin"},"content":{"rendered":"<p>Supergolf-palvelun kautta voit ostaa green fee paketteja tai yksitt\u00e4isi\u00e4 green feet\u00e4 edullisin hinnoin. Supergolfin kautta p\u00e4\u00e4set golfaamaan useilla eri kentill\u00e4 Suomessa. Supergolf tarjoaa edullisimman tavan golfata eri kentill\u00e4 ymp\u00e4ri Suomea. Supergolfin golfkierroksia voit ostaa paketteina: mit\u00e4 enemm\u00e4n kierroksia kerralla ostat, sit\u00e4 edullisempi on kierroshinta, tai yksitt\u00e4in, jolloin hinta vaihtelee valitun golfkent\u00e4n ja viikonp\u00e4iv\u00e4n mukaan. Saman p\u00e4iv\u00e4n varaukset myyd\u00e4\u00e4n \u00e4kkil\u00e4ht\u00f6hintaan, jolloin 18 rei\u00e4n kierros alk. 25,00 \u20ac<\/p>\n<p><strong>Ohjeita ostamiseen:<\/strong><\/p>\n<ol>\n<li>Valitse arvo, mink\u00e4 haluat siirt\u00e4\u00e4 Supergolf-tilillesi.\n<ul>\n<li><strong>VINKKI!<\/strong> Voit lis\u00e4t\u00e4 ostoskoriin monta eri arvoa niin saat siirretty\u00e4 haluamasi summan.<\/li>\n<\/ul>\n<\/li>\n<li>Lis\u00e4\u00e4mme tuotteen arvon Supergolf-tilillesi viimeist\u00e4\u00e4n seuraavan arkip\u00e4iv\u00e4n aikana, jolloin saat asiasta s\u00e4hk\u00f6postitse ilmoituksen.<\/li>\n<li>Arvo on k\u00e4ytett\u00e4viss\u00e4si seuraavat 12 kk siirtop\u00e4iv\u00e4st\u00e4 eteenp\u00e4in Supergolf-kierroksiin tai j\u00e4senmaksuusi.<\/li>\n<li><strong>Mik\u00e4li et ole rekister\u00f6itynyt Supergolf -palveluun niin t\u00e4m\u00e4 tulee tehd\u00e4, jotta voimme lis\u00e4t\u00e4 siirt\u00e4m\u00e4si arvon k\u00e4ytt\u00f6\u00f6si<\/strong><\/li>\n<li>Voit maksaa Supergolf.fi palvelussa green fee -paketin loppuhinnan Paytrailin tarjoamilla maksutavoilla esim. pankki- ja luottokortti, MobilePay.<\/li>\n<\/ol>\n<p><strong>Hinnasto<\/strong><br \/>\nMahdolliset kampanjat l\u00f6yd\u00e4t osoitteesta supergolf.fi.<\/p>\n<p>5 green feet\u00e4 205 \u20ac 41 \u20ac \/ kpl<br \/>\n10 green feet\u00e4 380 \u20ac 38 \u20ac \/ kpl<br \/>\n15 green feet\u00e4 555 \u20ac 36 \u20ac \/ kpl<br \/>\n20 green feet\u00e4 700 \u20ac 35 \u20ac \/ kpl<\/p>\n<p>Epassin arvo on Supergolf-palvelussa k\u00e4ytett\u00e4viss\u00e4si 12 kk siirtop\u00e4iv\u00e4st\u00e4.<\/p>\n<p>Lue lis\u00e4\u00e4: www.supergolf.fi<\/p>\n<p><strong>Uusi asiakas<\/strong><br \/>\nMik\u00e4li et ole rekister\u00f6itynyt Supergolf.fi palveluun niin t\u00e4yt\u00e4 tietosi www.supergolf.fi\/register. Rekister\u00f6itymisen j\u00e4lkeen Supergolfin asiakaspalvelu pystyy lis\u00e4\u00e4m\u00e4\u00e4n siirt\u00e4m\u00e4si arvon k\u00e4ytt\u00f6\u00f6si.<\/p>\n","protected":false},"excerpt":{"rendered":"<p>Siirr\u00e4 Epassin arvoa Supergolf-tililllesi.<\/p>\n","protected":false},"featured_media":492,"comment_status":"open","ping_status":"closed","template":"","meta":{"_acf_changed":false,"_kad_post_transparent":"default","_kad_post_title":"","_kad_post_layout":"default","_kad_post_sidebar_id":"","_kad_post_content_style":"default","_kad_post_vertical_padding":"default","_kad_post_feature":"","_kad_post_feature_position":"","_kad_post_header":false,"_kad_post_footer":false,"_kad_post_classname":""},"product_brand":[],"product_cat":[26,19],"product_tag":[],"class_list":{"0":"post-326","1":"product","2":"type-product","3":"status-publish","4":"has-post-thumbnail","6":"product_cat-golf","7":"product_cat-liikuntaedut","9":"first","10":"instock","11":"taxable","12":"shipping-taxable","13":"purchasable","14":"product-type-variable","15":"entry","16":"content-bg","17":"loop-entry"},"acf":[],"_links":{"self":[{"href":"https:\/\/marketplace.epassi.fi\/supergolf\/wp-json\/wp\/v2\/product\/326","targetHints":{"allow":["GET"]}}],"collection":[{"href":"https:\/\/marketplace.epassi.fi\/supergolf\/wp-json\/wp\/v2\/product"}],"about":[{"href":"https:\/\/marketplace.epassi.fi\/supergolf\/wp-json\/wp\/v2\/types\/product"}],"replies":[{"embeddable":true,"href":"https:\/\/marketplace.epassi.fi\/supergolf\/wp-json\/wp\/v2\/comments?post=326"}],"wp:featuredmedia":[{"embeddable":true,"href":"https:\/\/marketplace.epassi.fi\/supergolf\/wp-json\/wp\/v2\/media\/492"}],"wp:attachment":[{"href":"https:\/\/marketplace.epassi.fi\/supergolf\/wp-json\/wp\/v2\/media?parent=326"}],"wp:term":[{"taxonomy":"product_brand","embeddable":true,"href":"https:\/\/marketplace.epassi.fi\/supergolf\/wp-json\/wp\/v2\/product_brand?post=326"},{"taxonomy":"product_cat","embeddable":true,"href":"https:\/\/marketplace.epassi.fi\/supergolf\/wp-json\/wp\/v2\/product_cat?post=326"},{"taxonomy":"product_tag","embeddable":true,"href":"https:\/\/marketplace.epassi.fi\/supergolf\/wp-json\/wp\/v2\/product_tag?post=326"}],"curies":[{"name":"wp","href":"https:\/\/api.w.org\/{rel}","templated":true}]}}