{"id":67,"date":"2021-09-13T18:36:17","date_gmt":"2021-09-13T18:36:17","guid":{"rendered":"https:\/\/marketplace.epassi.fi\/supergolf\/?post_type=product&#038;p=67"},"modified":"2026-01-01T05:01:45","modified_gmt":"2026-01-01T03:01:45","slug":"x-green-feeta","status":"publish","type":"product","link":"https:\/\/marketplace.epassi.fi\/supergolf\/kauppa\/liikuntaedut\/golf\/x-green-feeta\/","title":{"rendered":"Green fee -paketti"},"content":{"rendered":"<p>Supergolf tarjoaa edullisimman tavan p\u00e4\u00e4st\u00e4 golfaamaan n. 50 kent\u00e4ll\u00e4 Suomessa ja l\u00e4himaissa.<\/p>\n<p>Supergolfin golfkierroksia voit ostaa paketteina: mit\u00e4 enemm\u00e4n kierroksia kerralla ostat, sit\u00e4 edullisempi on kierroshinta, tai yksitt\u00e4in, jolloin hinta vaihtelee valitun golfkent\u00e4n ja viikonp\u00e4iv\u00e4n mukaan. Green fee -paketit eiv\u00e4t ole henkil\u00f6kohtaisia, joten samasta paketista voi varata kierroksia my\u00f6s muille Supergolfin j\u00e4senille.<\/p>\n<p><strong>Ohjeita ostamiseen:<\/strong><\/p>\n<ol>\n<li>Ostettuasi tuotteen lis\u00e4\u00e4mme tuotteen arvon Supergolf-tilillesi viimeist\u00e4\u00e4n seuraavan arkip\u00e4iv\u00e4n aikana, jolloin saat asiasta s\u00e4hk\u00f6postitse ilmoituksen.<\/li>\n<li>Mik\u00e4li et ole rekister\u00f6itynyt Supergolf -palveluun niin t\u00e4m\u00e4 tulee tehd\u00e4, jotta voimme lis\u00e4t\u00e4 siirt\u00e4m\u00e4si arvon k\u00e4ytt\u00f6\u00f6si<\/li>\n<li>Arvo on k\u00e4ytett\u00e4viss\u00e4si seuraavat 12 kk siirtop\u00e4iv\u00e4st\u00e4 eteenp\u00e4in Supergolf-kierroksiin tai j\u00e4senmaksuusi.<\/li>\n<li><strong>Pelipakettiostos tulee tehd\u00e4 viel\u00e4 erikseen Supergolf.fi palvelussa, jotta kierrokset aktivoituvat tilillesi!<\/strong><\/li>\n<\/ol>\n<p><strong>Uusi asiakas<\/strong><br \/>\nMik\u00e4li et ole rekister\u00f6itynyt Supergolf.fi palveluun niin t\u00e4yt\u00e4 tietosi www.supergolf.fi\/register. Rekister\u00f6itymisen j\u00e4lkeen Supergolfin asiakaspalvelu pystyy lis\u00e4\u00e4m\u00e4\u00e4n siirt\u00e4m\u00e4si arvon k\u00e4ytt\u00f6\u00f6si.<\/p>\n<p><strong>Lue lis\u00e4\u00e4<\/strong><br \/>\nwww.supergolf.fi<\/p>\n","protected":false},"excerpt":{"rendered":"<p>Green feet n. 50 kent\u00e4lle Suomessa ja l\u00e4himaissa.<\/p>\n","protected":false},"featured_media":493,"comment_status":"open","ping_status":"closed","template":"","meta":{"_acf_changed":false,"_kad_post_transparent":"default","_kad_post_title":"","_kad_post_layout":"default","_kad_post_sidebar_id":"","_kad_post_content_style":"default","_kad_post_vertical_padding":"default","_kad_post_feature":"","_kad_post_feature_position":"","_kad_post_header":false,"_kad_post_footer":false,"_kad_post_classname":""},"product_brand":[],"product_cat":[26,19],"product_tag":[],"class_list":{"0":"post-67","1":"product","2":"type-product","3":"status-publish","4":"has-post-thumbnail","6":"product_cat-golf","7":"product_cat-liikuntaedut","9":"first","10":"instock","11":"taxable","12":"shipping-taxable","13":"purchasable","14":"product-type-variable","15":"entry","16":"content-bg","17":"loop-entry"},"acf":[],"_links":{"self":[{"href":"https:\/\/marketplace.epassi.fi\/supergolf\/wp-json\/wp\/v2\/product\/67","targetHints":{"allow":["GET"]}}],"collection":[{"href":"https:\/\/marketplace.epassi.fi\/supergolf\/wp-json\/wp\/v2\/product"}],"about":[{"href":"https:\/\/marketplace.epassi.fi\/supergolf\/wp-json\/wp\/v2\/types\/product"}],"replies":[{"embeddable":true,"href":"https:\/\/marketplace.epassi.fi\/supergolf\/wp-json\/wp\/v2\/comments?post=67"}],"wp:featuredmedia":[{"embeddable":true,"href":"https:\/\/marketplace.epassi.fi\/supergolf\/wp-json\/wp\/v2\/media\/493"}],"wp:attachment":[{"href":"https:\/\/marketplace.epassi.fi\/supergolf\/wp-json\/wp\/v2\/media?parent=67"}],"wp:term":[{"taxonomy":"product_brand","embeddable":true,"href":"https:\/\/marketplace.epassi.fi\/supergolf\/wp-json\/wp\/v2\/product_brand?post=67"},{"taxonomy":"product_cat","embeddable":true,"href":"https:\/\/marketplace.epassi.fi\/supergolf\/wp-json\/wp\/v2\/product_cat?post=67"},{"taxonomy":"product_tag","embeddable":true,"href":"https:\/\/marketplace.epassi.fi\/supergolf\/wp-json\/wp\/v2\/product_tag?post=67"}],"curies":[{"name":"wp","href":"https:\/\/api.w.org\/{rel}","templated":true}]}}