{"id":22,"date":"2021-09-13T17:45:59","date_gmt":"2021-09-13T17:45:59","guid":{"rendered":"https:\/\/marketplace.epassi.fi\/taidetoolo\/?page_id=22"},"modified":"2021-10-12T10:57:35","modified_gmt":"2021-10-12T10:57:35","slug":"info","status":"publish","type":"page","link":"https:\/\/marketplace.epassi.fi\/taidetoolo\/info\/","title":{"rendered":"Info"},"content":{"rendered":"\n\t<div class=\"entry-content single-content\">\n\n\t\t<div class=\"wp-block-columns\" style=\"gap:30px\">\n\t\t\t<div class=\"wp-block-column\">\n\t\t\t\t<h2>Tietoa yrityksest\u00e4<\/h2>\n\t\t\t\t<p><p>Taidet\u00f6\u00f6l\u00f6 on yksityinen musiikkikoulu Helsingin Ullanlinnassa, joka tarjoaa laadukasta opetusta niin lapsille kuin aikuisillekin. Toimintamme arvot perustuvat ajatukseen, ett\u00e4 kaikilla on ik\u00e4\u00e4n tai l\u00e4ht\u00f6tasoon katsomatta oikeus harrastaa musiikkia. Koulussamme voi opiskella viulua, pianoa, selloa, kitaraa ja laulua.<\/p>\n<p>Taidet\u00f6\u00f6l\u00f6 haluaa madaltaa musiikkiharrastuksen aloittamisen kynnyst\u00e4 ja siksi k\u00e4yt\u00f6ss\u00e4mme on kokeilutunnit. Kokeilutunnilla oppilas ja opettaja tutustuvat toisiinsa ja laativat oppilaan tarpeita vastaavan opintosuunnitelman.<\/p>\n<\/p>\n\t\t\t\t<h3>Taidet\u00f6\u00f6l\u00f6<\/h3>\n\t\t\t\t<p>Pietarinkatu 11 B<br>\n\t\t\t\t\t00140 Helsinki<\/p>\n\t\t\t\t<p><a href=\"tel:0405321632\">0405321632<\/a><\/p>\n\t\t\t\t<p><a href=\"mailto:info@taidetoolo.fi\">info@taidetoolo.fi<\/a><\/p>\n\n\t\t\t\t<h2>Toimipisteet<\/h2><div class=\"info-page-location-list\"><div class=\"info-page-location\"><h3>Taidet\u00f6\u00f6l\u00f6<\/h3><p>Pietarinkatu 11, 00140 Helsinki<\/p><p><p><a href=\"https:\/\/www.google.com\/maps\/search\/?api=1&query=Google&query_place_id=ChIJdxSlNbgLkkYRXLW2_PsBTvs\">Katso sijainti kartalla <span>&#8599;<\/span><\/a><\/p><\/p><p><\/p><\/div><\/div>\t\t\t<\/div>\n\n\t\t\t<div class=\"wp-block-column\">\n\t\t\t\t<figure class=\"wp-block-image size-large\"><img loading=\"lazy\" decoding=\"async\" width=\"768\" height=\"512\" src=\"https:\/\/marketplace.epassi.fi\/taidetoolo\/wp-content\/uploads\/sites\/64\/2021\/11\/print-90-768x512.jpg\" class=\"attachment-medium_large size-medium_large\" alt=\"\" \/><\/figure>\n\t\t\t<\/div>\n\t\t<\/div>\n\t<\/div>\n\t\n","protected":false},"excerpt":{"rendered":"","protected":false},"author":2,"featured_media":0,"parent":0,"menu_order":0,"comment_status":"closed","ping_status":"closed","template":"","meta":{"_acf_changed":false,"_kad_post_transparent":"","_kad_post_title":"","_kad_post_layout":"","_kad_post_sidebar_id":"","_kad_post_content_style":"","_kad_post_vertical_padding":"","_kad_post_feature":"","_kad_post_feature_position":"","_kad_post_header":false,"_kad_post_footer":false,"_kad_post_classname":"","footnotes":""},"class_list":["post-22","page","type-page","status-publish","hentry"],"acf":[],"_links":{"self":[{"href":"https:\/\/marketplace.epassi.fi\/taidetoolo\/wp-json\/wp\/v2\/pages\/22","targetHints":{"allow":["GET"]}}],"collection":[{"href":"https:\/\/marketplace.epassi.fi\/taidetoolo\/wp-json\/wp\/v2\/pages"}],"about":[{"href":"https:\/\/marketplace.epassi.fi\/taidetoolo\/wp-json\/wp\/v2\/types\/page"}],"author":[{"embeddable":true,"href":"https:\/\/marketplace.epassi.fi\/taidetoolo\/wp-json\/wp\/v2\/users\/2"}],"replies":[{"embeddable":true,"href":"https:\/\/marketplace.epassi.fi\/taidetoolo\/wp-json\/wp\/v2\/comments?post=22"}],"version-history":[{"count":10,"href":"https:\/\/marketplace.epassi.fi\/taidetoolo\/wp-json\/wp\/v2\/pages\/22\/revisions"}],"predecessor-version":[{"id":264,"href":"https:\/\/marketplace.epassi.fi\/taidetoolo\/wp-json\/wp\/v2\/pages\/22\/revisions\/264"}],"wp:attachment":[{"href":"https:\/\/marketplace.epassi.fi\/taidetoolo\/wp-json\/wp\/v2\/media?parent=22"}],"curies":[{"name":"wp","href":"https:\/\/api.w.org\/{rel}","templated":true}]}}