{"id":397,"date":"2023-01-17T13:15:59","date_gmt":"2023-01-17T11:15:59","guid":{"rendered":"https:\/\/marketplace.epassi.fi\/taidetoolo\/?post_type=product&#038;p=397"},"modified":"2024-09-01T00:03:39","modified_gmt":"2024-08-31T21:03:39","slug":"laulun-alkeiskurssi-4-hengen-ryhmassa-maaliskuu-2023","status":"publish","type":"product","link":"https:\/\/marketplace.epassi.fi\/taidetoolo\/kauppa\/kulttuuriedut\/laulun-alkeiskurssi-4-hengen-ryhmassa-maaliskuu-2023\/","title":{"rendered":"Laulun alkeiskurssi 3&#215;70 min"},"content":{"rendered":"","protected":false},"excerpt":{"rendered":"<div class=\"wpb_text_column wpb_content_element \">\n<div class=\"wpb_wrapper\">\n<div class=\"wpb_text_column wpb_content_element \">\n<div class=\"wpb_wrapper\">\n<div class=\"wpb_text_column wpb_content_element \">\n<div class=\"wpb_wrapper\">\n<div class=\"wpb_text_column wpb_content_element \">\n<div class=\"wpb_wrapper\">Taidet\u00f6\u00f6l\u00f6n laulun alkeiskurssilla l\u00e4hdemme tutustumaan laulutekniikan perusteisiin monipuolisten hengitys- ja \u00e4\u00e4niharjoitteiden kautta sek\u00e4 tuttujen lauluja ja laulelmia apuna k\u00e4ytt\u00e4en.<\/div>\n<\/div>\n<div class=\"wpb_wrapper\">\n<p>Nelj\u00e4n kerran kokonaisuus on suunniteltu niin, ett\u00e4 jokaisella tunnilla perehdymme yhteen keskeiseen laulutekniseen aihealueeseen.<\/p>\n<\/div>\n<div class=\"wpb_wrapper\">\n<p>Harjoitteiden avulla kehit\u00e4t\u00a0 \u00e4\u00e4nenk\u00e4ytt\u00f6\u00e4si kest\u00e4v\u00e4mm\u00e4ksi ja tulet tietoiseksi hengitystekniikan vaikutuksesta \u00e4\u00e4neesi.<\/p>\n<\/div>\n<div class=\"wpb_wrapper\">\n<p>Sinun ei tarvitse osata lukea nuotteja osallistuaksesi kurssille.<\/p>\n<\/div>\n<p>Kurssiin kuuluu 3 x 70 min ryhm\u00e4opetusta.<\/p>\n<p>&nbsp;<\/p>\n<\/div>\n<\/div>\n<\/div>\n<\/div>\n<\/div>\n<\/div>\n<div class=\"wpb_text_column wpb_content_element \">\n<div class=\"wpb_wrapper\">\n<p>Lis\u00e4tietoa kurssin sis\u00e4ll\u00f6st\u00e4 <a href=\"https:\/\/taidetoolo.fi\/kurssit\/laulu\/laulun-alkeiskurssi\/\">t\u00e4st\u00e4<\/a>.<\/p>\n<\/div>\n<\/div>\n","protected":false},"featured_media":366,"comment_status":"open","ping_status":"closed","template":"","meta":{"_acf_changed":false,"_kad_post_transparent":"default","_kad_post_title":"","_kad_post_layout":"default","_kad_post_sidebar_id":"","_kad_post_content_style":"default","_kad_post_vertical_padding":"default","_kad_post_feature":"","_kad_post_feature_position":"","_kad_post_header":false,"_kad_post_footer":false,"_kad_post_classname":""},"product_brand":[],"product_cat":[20],"product_tag":[],"class_list":{"0":"post-397","1":"product","2":"type-product","3":"status-publish","4":"has-post-thumbnail","6":"product_cat-kulttuuriedut","8":"first","9":"instock","10":"taxable","11":"shipping-taxable","12":"purchasable","13":"product-type-simple","14":"entry","15":"content-bg","16":"loop-entry"},"acf":[],"_links":{"self":[{"href":"https:\/\/marketplace.epassi.fi\/taidetoolo\/wp-json\/wp\/v2\/product\/397","targetHints":{"allow":["GET"]}}],"collection":[{"href":"https:\/\/marketplace.epassi.fi\/taidetoolo\/wp-json\/wp\/v2\/product"}],"about":[{"href":"https:\/\/marketplace.epassi.fi\/taidetoolo\/wp-json\/wp\/v2\/types\/product"}],"replies":[{"embeddable":true,"href":"https:\/\/marketplace.epassi.fi\/taidetoolo\/wp-json\/wp\/v2\/comments?post=397"}],"wp:featuredmedia":[{"embeddable":true,"href":"https:\/\/marketplace.epassi.fi\/taidetoolo\/wp-json\/wp\/v2\/media\/366"}],"wp:attachment":[{"href":"https:\/\/marketplace.epassi.fi\/taidetoolo\/wp-json\/wp\/v2\/media?parent=397"}],"wp:term":[{"taxonomy":"product_brand","embeddable":true,"href":"https:\/\/marketplace.epassi.fi\/taidetoolo\/wp-json\/wp\/v2\/product_brand?post=397"},{"taxonomy":"product_cat","embeddable":true,"href":"https:\/\/marketplace.epassi.fi\/taidetoolo\/wp-json\/wp\/v2\/product_cat?post=397"},{"taxonomy":"product_tag","embeddable":true,"href":"https:\/\/marketplace.epassi.fi\/taidetoolo\/wp-json\/wp\/v2\/product_tag?post=397"}],"curies":[{"name":"wp","href":"https:\/\/api.w.org\/{rel}","templated":true}]}}