{"id":401,"date":"2023-06-11T09:08:59","date_gmt":"2023-06-11T06:08:59","guid":{"rendered":"https:\/\/marketplace.epassi.fi\/taidetoolo\/?post_type=product&#038;p=401"},"modified":"2024-09-01T00:03:39","modified_gmt":"2024-08-31T21:03:39","slug":"instrumenttien-ja-laulun-tutustumiskurssit-4x45-min-yksityisopetusta","status":"publish","type":"product","link":"https:\/\/marketplace.epassi.fi\/taidetoolo\/kauppa\/kulttuuriedut\/instrumenttien-ja-laulun-tutustumiskurssit-4x45-min-yksityisopetusta\/","title":{"rendered":"Instrumenttien ja laulun tutustumiskurssit (4&#215;45 min yksityisopetusta)"},"content":{"rendered":"","protected":false},"excerpt":{"rendered":"<p>\u201cVoinko aloittaa musiikkiharrastuksen, vaikka en olisikaan lahjakas? Ent\u00e4 voinko aloittaa soitto- tai lauluopinnot ilman aikaisempaa kokemusta?\u201d. N\u00e4ihin kysymyksiin t\u00f6rm\u00e4\u00e4n ty\u00f6ss\u00e4ni jatkuvasti. Kysymysten innoittamana loimme vastaukseksi uuden palvelun.<\/p>\n<p>Taidet\u00f6\u00f6l\u00f6n uudet tutustumiskurssit instrumenteille ja laululle on suunnitteltu niin, ett\u00e4 ne sopivat kenelle tahansa musiikkiharrastusta harkitsevalle aikuiselle. T\u00e4t\u00e4 kaikkea tarjoamme tutustumiskurssilla:<\/p>\n<ol>\n<li>Tutustumiskurssi on kuukauden mittainen jakso, johon kuuluu nelj\u00e4 yksityistuntia (45min) kerran viikossa. Jos innostut jakson j\u00e4lkeen jatkamaan opintojasi, olet tervetullut jatkamaan niit\u00e4 kanssamme. Jos p\u00e4\u00e4t\u00e4t j\u00e4tt\u00e4\u00e4 harrastuksen sikseen, voimme yhdess\u00e4 iloita uudesta kokemuksestasi ja uskaltamisestasi. Ilmoittautumalla tutustumiskurssille et sitoudu mihink\u00e4\u00e4n.<\/li>\n<li>Kurssi on suunniteltu niin, ett\u00e4 jokaisella tunnilla keskitymme perusasioihin. Niiden avulla luot vahvan pohjan omalle kotiharjoittelurutiinillesi.<\/li>\n<li>Kurssille osallistuaksesi sinun ei tarvitse osata tai tiet\u00e4\u00e4 mit\u00e4\u00e4n aiheesta etuk\u00e4teen. Voit tulla mukaan juuri sellaisena kuin olet!<\/li>\n<li>Kurssilaisilla on mahdollisuus vuokrata soitin (50\u20ac\/kurssi). P\u00e4\u00e4set vuokrasoittimen kanssa heti ensimm\u00e4isen tunnin j\u00e4lkeen hyv\u00e4\u00e4n harjoitteluvauhtiin! Kurssin opettaja auttaa sinua ottamaan oikeat ty\u00f6kalut k\u00e4ytt\u00f6\u00f6si, mutta varsinainen taidon rakentaminen tapahtuu oman kotiharjoittelusi aikana. Ilman omaa harjoittelupanostasi harrastus polkee paikallaan. Otathan t\u00e4m\u00e4n huomioon, kun pohdit osallistumistasi tutustumiskurssille.<\/li>\n<\/ol>\n<p>Tutustumiskurssit pidet\u00e4\u00e4n 1.8.2023 alkaen osoitteessa Pietarinkatu 11, Helsinki. Otamme sinuun yhteytt\u00e4 s\u00e4hk\u00f6postitse sopiaksemme aikataulut kahden p\u00e4iv\u00e4n sis\u00e4ll\u00e4 ostohetkest\u00e4.<\/p>\n","protected":false},"featured_media":402,"comment_status":"open","ping_status":"closed","template":"","meta":{"_acf_changed":false,"_kad_post_transparent":"default","_kad_post_title":"","_kad_post_layout":"default","_kad_post_sidebar_id":"","_kad_post_content_style":"default","_kad_post_vertical_padding":"default","_kad_post_feature":"","_kad_post_feature_position":"","_kad_post_header":false,"_kad_post_footer":false,"_kad_post_classname":""},"product_brand":[],"product_cat":[20],"product_tag":[],"class_list":{"0":"post-401","1":"product","2":"type-product","3":"status-publish","4":"has-post-thumbnail","6":"product_cat-kulttuuriedut","8":"first","9":"instock","10":"taxable","11":"shipping-taxable","12":"purchasable","13":"product-type-simple","14":"entry","15":"content-bg","16":"loop-entry"},"acf":[],"_links":{"self":[{"href":"https:\/\/marketplace.epassi.fi\/taidetoolo\/wp-json\/wp\/v2\/product\/401","targetHints":{"allow":["GET"]}}],"collection":[{"href":"https:\/\/marketplace.epassi.fi\/taidetoolo\/wp-json\/wp\/v2\/product"}],"about":[{"href":"https:\/\/marketplace.epassi.fi\/taidetoolo\/wp-json\/wp\/v2\/types\/product"}],"replies":[{"embeddable":true,"href":"https:\/\/marketplace.epassi.fi\/taidetoolo\/wp-json\/wp\/v2\/comments?post=401"}],"wp:featuredmedia":[{"embeddable":true,"href":"https:\/\/marketplace.epassi.fi\/taidetoolo\/wp-json\/wp\/v2\/media\/402"}],"wp:attachment":[{"href":"https:\/\/marketplace.epassi.fi\/taidetoolo\/wp-json\/wp\/v2\/media?parent=401"}],"wp:term":[{"taxonomy":"product_brand","embeddable":true,"href":"https:\/\/marketplace.epassi.fi\/taidetoolo\/wp-json\/wp\/v2\/product_brand?post=401"},{"taxonomy":"product_cat","embeddable":true,"href":"https:\/\/marketplace.epassi.fi\/taidetoolo\/wp-json\/wp\/v2\/product_cat?post=401"},{"taxonomy":"product_tag","embeddable":true,"href":"https:\/\/marketplace.epassi.fi\/taidetoolo\/wp-json\/wp\/v2\/product_tag?post=401"}],"curies":[{"name":"wp","href":"https:\/\/api.w.org\/{rel}","templated":true}]}}