{"id":290,"date":"2021-10-20T17:09:46","date_gmt":"2021-10-20T14:09:46","guid":{"rendered":"https:\/\/marketplace.epassi.fi\/tikis\/?post_type=product&#038;p=290"},"modified":"2024-09-01T00:05:06","modified_gmt":"2024-08-31T21:05:06","slug":"kotitreeniohjelma-6-kk","status":"publish","type":"product","link":"https:\/\/marketplace.epassi.fi\/tikis\/kauppa\/liikuntaedut\/verkkotreenit\/kotitreeniohjelma-6-kk\/","title":{"rendered":"Kotitreeniohjelma 6 kk"},"content":{"rendered":"<p><span class=\"x_b614627d x_f82204f0\"><span class=\"x_a260bde8\">Polta rasvaa treenaamalla\u00a0<\/span><\/span><span class=\"x_b614627d x_f82204f0\"><span class=\"x_a260bde8\">vain 30 min 4 kertaa viikossa!<\/span><\/span><\/p>\n<p><span class=\"x_a260bde8\">TREENIEN KESTO VAIN 20-30 MIN<\/span><\/p>\n<div class=\"contents\">\n<p class=\"x_7961073b x_40eda391\"><span class=\"x_7b2817bf\">HIIT-tyyliset kehonpainotreenit vaativat enint\u00e4\u00e4n puoli tuntia aikaa, mutta polttavat tehokkaasti rasvaa. <\/span><\/p>\n<\/div>\n<p>RASVANPOLTTOA TUKEVA RUOKAVALIO<\/p>\n<div id=\"element-1234\" class=\"widget item-absolute paragraph \" data-at=\"paragraph\">\n<div class=\"contents\">\n<p class=\"x_7961073b x_40eda391\"><span class=\"x_7b2817bf\">Ruokavalio on hyvin simppeli, mutta toimivaksi kehuttu. Mit\u00e4\u00e4n ei tarvitse punnita. Helpot ja terveelliset reseptit onnistuvat sinulta nopeasti kiireisenkin arjen keskell\u00e4. Koko perheesi voi sy\u00f6d\u00e4 yhdess\u00e4 samaa ruokaa.<\/span><\/p>\n<p>&nbsp;<\/p>\n<\/div>\n<\/div>\n<p>Ota maksun j\u00e4lkeen yhteytt\u00e4 asiakaspalvelu@kotitreeniklubi.fi niin saat tunnukset palveluun.<\/p>\n<p>&nbsp;<\/p>\n","protected":false},"excerpt":{"rendered":"<p>Kirjoita t\u00e4h\u00e4n lyhyt tuotekuvaus. T\u00e4m\u00e4 kuvaus n\u00e4kyy tuotesivun yl\u00e4osassa tuotteen nimen alla.<\/p>\n","protected":false},"featured_media":314,"comment_status":"open","ping_status":"closed","template":"","meta":{"_acf_changed":false,"_kad_post_transparent":"default","_kad_post_title":"","_kad_post_layout":"default","_kad_post_sidebar_id":"","_kad_post_content_style":"default","_kad_post_vertical_padding":"default","_kad_post_feature":"","_kad_post_feature_position":"","_kad_post_header":false,"_kad_post_footer":false,"_kad_post_classname":""},"product_brand":[],"product_cat":[19,28],"product_tag":[],"class_list":{"0":"post-290","1":"product","2":"type-product","3":"status-publish","4":"has-post-thumbnail","6":"product_cat-liikuntaedut","7":"product_cat-verkkotreenit","9":"first","10":"instock","11":"virtual","12":"taxable","13":"purchasable","14":"product-type-simple","15":"entry","16":"content-bg","17":"loop-entry"},"acf":[],"_links":{"self":[{"href":"https:\/\/marketplace.epassi.fi\/tikis\/wp-json\/wp\/v2\/product\/290","targetHints":{"allow":["GET"]}}],"collection":[{"href":"https:\/\/marketplace.epassi.fi\/tikis\/wp-json\/wp\/v2\/product"}],"about":[{"href":"https:\/\/marketplace.epassi.fi\/tikis\/wp-json\/wp\/v2\/types\/product"}],"replies":[{"embeddable":true,"href":"https:\/\/marketplace.epassi.fi\/tikis\/wp-json\/wp\/v2\/comments?post=290"}],"wp:featuredmedia":[{"embeddable":true,"href":"https:\/\/marketplace.epassi.fi\/tikis\/wp-json\/wp\/v2\/media\/314"}],"wp:attachment":[{"href":"https:\/\/marketplace.epassi.fi\/tikis\/wp-json\/wp\/v2\/media?parent=290"}],"wp:term":[{"taxonomy":"product_brand","embeddable":true,"href":"https:\/\/marketplace.epassi.fi\/tikis\/wp-json\/wp\/v2\/product_brand?post=290"},{"taxonomy":"product_cat","embeddable":true,"href":"https:\/\/marketplace.epassi.fi\/tikis\/wp-json\/wp\/v2\/product_cat?post=290"},{"taxonomy":"product_tag","embeddable":true,"href":"https:\/\/marketplace.epassi.fi\/tikis\/wp-json\/wp\/v2\/product_tag?post=290"}],"curies":[{"name":"wp","href":"https:\/\/api.w.org\/{rel}","templated":true}]}}