{"id":282,"date":"2025-12-12T14:11:15","date_gmt":"2025-12-12T12:11:15","guid":{"rendered":"https:\/\/marketplace.epassi.fi\/top-cousins\/?post_type=product&#038;p=282"},"modified":"2025-12-12T14:11:15","modified_gmt":"2025-12-12T12:11:15","slug":"stoo-desk-single-compact-sahkopoyta","status":"publish","type":"product","link":"https:\/\/marketplace.epassi.fi\/top-cousins\/kauppa\/ergosafe\/etatyopisteet\/stoo-desk-single-compact-sahkopoyta\/","title":{"rendered":"Stoo\u00ae Desk Single Compact s\u00e4hk\u00f6p\u00f6yt\u00e4"},"content":{"rendered":"<div>Stoo\u00ae Desk Single Compact sopii esimerkiksi mobiility\u00f6pisteeksi toimistoon tai kouluun sek\u00e4 pienen kokonsa ansiosta my\u00f6s hyvin kotitoimistoon. Kevyen rakenteen ansiosta p\u00f6yt\u00e4\u00e4 on helppoa ja mielek\u00e4st\u00e4 liikuttaa my\u00f6s ilman py\u00f6ri\u00e4.<\/div>\n<div>\n<div><\/div>\n<\/div>\n<ul>\n<li>Muistipaikallinen k\u00e4siohjain, 3 muistipaikkaa (ohjaimesta erillinen tuotekuva)<\/li>\n<li>Yksi s\u00e4hk\u00f6s\u00e4\u00e4t\u00f6inen nostopilari<\/li>\n<li>Nostokyky 40 kg<\/li>\n<li>Nostonopeus 25 mm\/s<\/li>\n<li>P\u00f6yd\u00e4n korkeudens\u00e4\u00e4t\u00f6 600-1200 mm<\/li>\n<li>P\u00f6yt\u00e4levyn koko 600&#215;600 mm<\/li>\n<li>Paino vain 17 kg!<\/li>\n<li>Tuote toimitetaan osissa<\/li>\n<li>Takuu 2 vuotta<\/li>\n<\/ul>\n","protected":false},"excerpt":{"rendered":"<p>Kevyt, mutta tukeva. Stoo\u00ae Desk Single Compact on markkinoiden kevyin s\u00e4hk\u00f6p\u00f6yt\u00e4! Desk Single Compact on yksijalkainen s\u00e4hk\u00f6p\u00f6yt\u00e4, jonka avulla voit tehd\u00e4 t\u00f6it\u00e4 istuen, seisten tai jotain silt\u00e4 v\u00e4lilt\u00e4! P\u00f6yt\u00e4kannen koko on 60&#215;60 cm.<\/p>\n","protected":false},"featured_media":358,"comment_status":"open","ping_status":"closed","template":"","meta":{"_acf_changed":false,"_kad_post_transparent":"default","_kad_post_title":"","_kad_post_layout":"default","_kad_post_sidebar_id":"","_kad_post_content_style":"default","_kad_post_vertical_padding":"default","_kad_post_feature":"","_kad_post_feature_position":"","_kad_post_header":false,"_kad_post_footer":false,"_kad_post_classname":""},"product_brand":[],"product_cat":[22,34],"product_tag":[],"class_list":{"0":"post-282","1":"product","2":"type-product","3":"status-publish","4":"has-post-thumbnail","6":"product_cat-ergosafe","7":"product_cat-etatyopisteet","9":"first","10":"instock","11":"taxable","12":"shipping-taxable","13":"purchasable","14":"product-type-variable","15":"entry","16":"content-bg","17":"loop-entry"},"acf":[],"_links":{"self":[{"href":"https:\/\/marketplace.epassi.fi\/top-cousins\/wp-json\/wp\/v2\/product\/282","targetHints":{"allow":["GET"]}}],"collection":[{"href":"https:\/\/marketplace.epassi.fi\/top-cousins\/wp-json\/wp\/v2\/product"}],"about":[{"href":"https:\/\/marketplace.epassi.fi\/top-cousins\/wp-json\/wp\/v2\/types\/product"}],"replies":[{"embeddable":true,"href":"https:\/\/marketplace.epassi.fi\/top-cousins\/wp-json\/wp\/v2\/comments?post=282"}],"wp:featuredmedia":[{"embeddable":true,"href":"https:\/\/marketplace.epassi.fi\/top-cousins\/wp-json\/wp\/v2\/media\/358"}],"wp:attachment":[{"href":"https:\/\/marketplace.epassi.fi\/top-cousins\/wp-json\/wp\/v2\/media?parent=282"}],"wp:term":[{"taxonomy":"product_brand","embeddable":true,"href":"https:\/\/marketplace.epassi.fi\/top-cousins\/wp-json\/wp\/v2\/product_brand?post=282"},{"taxonomy":"product_cat","embeddable":true,"href":"https:\/\/marketplace.epassi.fi\/top-cousins\/wp-json\/wp\/v2\/product_cat?post=282"},{"taxonomy":"product_tag","embeddable":true,"href":"https:\/\/marketplace.epassi.fi\/top-cousins\/wp-json\/wp\/v2\/product_tag?post=282"}],"curies":[{"name":"wp","href":"https:\/\/api.w.org\/{rel}","templated":true}]}}