{"id":22,"date":"2021-09-13T17:45:59","date_gmt":"2021-09-13T17:45:59","guid":{"rendered":"https:\/\/marketplace.epassi.fi\/tritanium-finland\/?page_id=22"},"modified":"2021-10-12T10:57:35","modified_gmt":"2021-10-12T10:57:35","slug":"info","status":"publish","type":"page","link":"https:\/\/marketplace.epassi.fi\/tritanium-finland\/info\/","title":{"rendered":"Info"},"content":{"rendered":"\n\t<div class=\"entry-content single-content\">\n\n\t\t<div class=\"wp-block-columns\" style=\"gap:30px\">\n\t\t\t<div class=\"wp-block-column\">\n\t\t\t\t<h2>Tritanium -kompressiotuotteet ty\u00f6hyvinvointiin<\/h2>\n\t\t\t\t<p><p>Tritanium eXtend -kompressiotuotteet - Toimivaa mukavuutta ty\u00f6h\u00f6n ja matkustamiseen<\/p>\n<p>Matalan paineluokan eXtend Low - kompressiotuotteet soveltuvat t\u00e4ydellisesti niin ty\u00f6- kuin matkustusk\u00e4ytt\u00f6\u00f6n. Matalan paineluokan (10-15mmHg) kompressiotuotteilla tehostetaan raajojen verenkiertoa ja aineenvaihduntaa, v\u00e4hennet\u00e4\u00e4n turvotuksia ja ennaltaehk\u00e4ist\u00e4\u00e4n v\u00e4symist\u00e4 sek\u00e4 erilaisia kiputiloja ja ne auttavat jaksamaan paremmin olipa kyseess\u00e4 pitk\u00e4kestoinen istuminen, seisominen tai fyysisesti raskas \u201ctoistoty\u00f6\u201d. Tuotteet est\u00e4v\u00e4t tehokkaasti my\u00f6s ty\u00f6per\u00e4isten rasitusvammojen syntymist\u00e4.<\/p>\n<\/p>\n\t\t\t\t<h3>Oy Tritanium Finland Ltd<\/h3>\n\t\t\t\t<p>Helatie 4<br>\n\t\t\t\t\t80100 Joensuu<\/p>\n\t\t\t\t<p><a href=\"tel:0400187014\">0400187014<\/a><\/p>\n\t\t\t\t<p><a href=\"mailto:info@tritaniumstore.fi\">info@tritaniumstore.fi<\/a><\/p>\n\n\t\t\t\t<h2>Toimipisteet<\/h2><div class=\"info-page-location-list\"><div class=\"info-page-location\"><h3>Tritanium Finland<\/h3><p>Helatie 4, 80100 Joensuu<\/p><p><a href=\"tel:044 2395 790, 044 7777 501, 044 2316 120\">044 2395 790, 044 7777 501, 044 2316 120<\/a><br><a href=\"mail:info@tritaniumstore.fi\">info@tritaniumstore.fi<\/a><p><a href=\"https:\/\/www.google.com\/maps\/search\/?api=1&query=Google&query_place_id=ChIJHaDWKv-Gm0YRlnZhyPhas9g\">Katso sijainti kartalla <span>&#8599;<\/span><\/a><\/p><\/p><p>Palevelemme myym\u00e4l\u00e4ss\u00e4 osoitteessa Helatie 4, 80100 Joensuu arkisin klo 10-14! <\/p><\/div><\/div>\t\t\t<\/div>\n\n\t\t\t<div class=\"wp-block-column\">\n\t\t\t\t<figure class=\"wp-block-image size-large\"><img loading=\"lazy\" decoding=\"async\" width=\"768\" height=\"384\" src=\"https:\/\/marketplace.epassi.fi\/tritanium-finland\/wp-content\/uploads\/sites\/337\/2023\/04\/tritanium_fiiliskuva-26-768x384.jpg\" class=\"attachment-medium_large size-medium_large\" alt=\"\" \/><\/figure>\n\t\t\t<\/div>\n\t\t<\/div>\n\t<\/div>\n\t\n","protected":false},"excerpt":{"rendered":"","protected":false},"author":2,"featured_media":0,"parent":0,"menu_order":0,"comment_status":"closed","ping_status":"closed","template":"","meta":{"_acf_changed":false,"_kad_post_transparent":"","_kad_post_title":"","_kad_post_layout":"","_kad_post_sidebar_id":"","_kad_post_content_style":"","_kad_post_vertical_padding":"","_kad_post_feature":"","_kad_post_feature_position":"","_kad_post_header":false,"_kad_post_footer":false,"_kad_post_classname":"","footnotes":""},"class_list":["post-22","page","type-page","status-publish","hentry"],"acf":[],"_links":{"self":[{"href":"https:\/\/marketplace.epassi.fi\/tritanium-finland\/wp-json\/wp\/v2\/pages\/22","targetHints":{"allow":["GET"]}}],"collection":[{"href":"https:\/\/marketplace.epassi.fi\/tritanium-finland\/wp-json\/wp\/v2\/pages"}],"about":[{"href":"https:\/\/marketplace.epassi.fi\/tritanium-finland\/wp-json\/wp\/v2\/types\/page"}],"author":[{"embeddable":true,"href":"https:\/\/marketplace.epassi.fi\/tritanium-finland\/wp-json\/wp\/v2\/users\/2"}],"replies":[{"embeddable":true,"href":"https:\/\/marketplace.epassi.fi\/tritanium-finland\/wp-json\/wp\/v2\/comments?post=22"}],"version-history":[{"count":10,"href":"https:\/\/marketplace.epassi.fi\/tritanium-finland\/wp-json\/wp\/v2\/pages\/22\/revisions"}],"predecessor-version":[{"id":264,"href":"https:\/\/marketplace.epassi.fi\/tritanium-finland\/wp-json\/wp\/v2\/pages\/22\/revisions\/264"}],"wp:attachment":[{"href":"https:\/\/marketplace.epassi.fi\/tritanium-finland\/wp-json\/wp\/v2\/media?parent=22"}],"curies":[{"name":"wp","href":"https:\/\/api.w.org\/{rel}","templated":true}]}}