{"id":290,"date":"2021-10-20T17:09:46","date_gmt":"2021-10-20T14:09:46","guid":{"rendered":"https:\/\/marketplace.epassi.fi\/tritanium-finland\/?post_type=product&#038;p=290"},"modified":"2024-09-01T00:08:36","modified_gmt":"2024-08-31T21:08:36","slug":"tritanium-extend-low-kompressiosaarystimet-tyo-ja-matkustuskayttoon-musta","status":"publish","type":"product","link":"https:\/\/marketplace.epassi.fi\/tritanium-finland\/kauppa\/ergosafe\/tyokengat-ja-vaatteet\/tritanium-extend-low-kompressiosaarystimet-tyo-ja-matkustuskayttoon-musta\/","title":{"rendered":"Tritanium eXtend Low \u2013 kompressios\u00e4\u00e4rystimet ty\u00f6- ja matkustusk\u00e4ytt\u00f6\u00f6n (musta)"},"content":{"rendered":"<p>Tritanium eXtend Low kompressios\u00e4\u00e4rystimet \u2013 tukea jalkojesi hyvinvoinille! Extend Low \u2013kompressios\u00e4\u00e4rystimet antavat jaloille asteittaisen tieteellisesti mitatun matalan kompressiopaineen (10-15mmHg), jonka my\u00f6t\u00e4 ne on optimoitu pitk\u00e4aikaiseen ja monipuoliseen k\u00e4ytt\u00f6\u00f6n. S\u00e4\u00e4rystimet on helppo pukea ja niit\u00e4 voidaan k\u00e4ytt\u00e4\u00e4 pitki\u00e4 aikoja yht\u00e4jaksoisesti niin ty\u00f6p\u00e4iv\u00e4n kuin matkustamisen aikana, mutta my\u00f6s\u00a0nukkuessa. S\u00e4\u00e4rystimet kest\u00e4v\u00e4t k\u00e4ytt\u00f6\u00e4 ja pesuja hyvin\u00a0sek\u00e4 s\u00e4ilytt\u00e4v\u00e4t luvatun kompressiopaineen pitk\u00e4\u00e4n.<\/p>\n<p><em><strong>Ty\u00f6k\u00e4ytt\u00f6:<\/strong><\/em><br \/>\nExtend Low \u2013 kompressios\u00e4\u00e4rystimet soveltuvat erinomaisesti henkil\u00f6ille, jotka joutuvat ty\u00f6ss\u00e4\u00e4n k\u00e4velem\u00e4\u00e4n \/ seisomaan pitki\u00e4 aikoja tai tekem\u00e4\u00e4n pelk\u00e4st\u00e4\u00e4n istumaty\u00f6t\u00e4. Kompressios\u00e4\u00e4rystimien anatomisen muotoilun ja asteittaisen kompressiotuen ansiosta niiden k\u00e4yt\u00f6ll\u00e4 v\u00e4hennet\u00e4\u00e4n\u00a0\/ ennaltaehk\u00e4ist\u00e4\u00e4n jalkojen v\u00e4symist\u00e4, turvotuksia sek\u00e4 erilaisia jalkojen kiputiloja. Lis\u00e4ksi s\u00e4\u00e4rystimien k\u00e4yt\u00f6ll\u00e4 saadaan apua my\u00f6s jalkojen lihasten kramppailuun, suonenvetoihin sek\u00e4 turvotuksiin. N\u00e4iden ominaisuuksien ansiosta eXtend -kompressios\u00e4\u00e4rystimill\u00e4 vaikutetaan positiivisesti jalkojen yleiseen hyvinvointiin ja sit\u00e4 kautta my\u00f6s ty\u00f6ss\u00e4 jaksamiseen.<\/p>\n<p><em><strong>Matkustaminen:<\/strong><\/em><br \/>\nKorkealaatuiset eXtend \u2013 kompressios\u00e4\u00e4rystimet soveltuvat erinomaisesti pitk\u00e4aikaiseen matkustamiseen ja niiden avulla tehostetaan jalkojen verenkiertoa, v\u00e4hennet\u00e4\u00e4n jalkojen turvotusta, kipuja sek\u00e4\u00a0v\u00e4symyst\u00e4. S\u00e4\u00e4rystimien ainutlaatuinen k\u00e4ytt\u00f6mukavuus, tieteellisesti optimoitu kompressiopaine ja miellytt\u00e4v\u00e4t materiaalit tekev\u00e4t eXtend Low \u2013 s\u00e4\u00e4rystimist\u00e4 loistavan matkakumppanin! Lis\u00e4ksi s\u00e4\u00e4rystimien hoitavaa vaikutusta voidaan hy\u00f6dynt\u00e4\u00e4 moniin alaraajojen kiusallisiin oireisiin, kuten suonikohjuihin, turvotuksiin ja jalkojen v\u00e4symiseen.<\/p>\n<p><strong>Hy\u00f6dyt:<\/strong><\/p>\n<ul>\n<li>Tehostunut verenkierto, jolloin lihakset saavat enemm\u00e4n happea ja energiaa<\/li>\n<li>Tehostunut aineenvaihdunta ja lymfaattisen j\u00e4rjestelm\u00e4n toiminta, jonka ansiosta maitohapot (laktaatit) poistuvat lihaksista nopeammin<\/li>\n<li>V\u00e4hentynyt turvotus<\/li>\n<li>V\u00e4hentynyt v\u00e4syneisyyden tunnev\u00e4syneisyyden tunne ja\u00a0lihasarkuus<\/li>\n<li>V\u00e4hentynyt jalkojen kipuilu<\/li>\n<\/ul>\n<p>Mik\u00e4li sinulla on kysytt\u00e4v\u00e4\u00e4 tuotteisiin tai niiden valintaan liittyen, laittaisitko yst\u00e4v\u00e4llisesti s\u00e4hk\u00f6postia info@tritaniumstore.fi<\/p>\n<p><strong>Tuotetiedot:<\/strong><\/p>\n<ul>\n<li>Designed in Finland<\/li>\n<li>Tieteellisesti mitattu 10-15mmHg asteittainen kompressiopaine<\/li>\n<li>Korkealaatuiset materiaalit<\/li>\n<li>Kokomerkinn\u00e4t jokaisen s\u00e4\u00e4rystimen yl\u00e4resorin sis\u00e4osassa<\/li>\n<li>Materiaali: Nylon 75% \/ Invista Lycra\u00ae 25%<\/li>\n<li>Pakkaus sis\u00e4lt\u00e4\u00e4 yhden parin eXtend -s\u00e4\u00e4rystimi\u00e4<\/li>\n<li>Koot: XS \u2013 <span class=\"caps\">XXXL<\/span> (oikea koko valitaan taulukosta pohkeen ymp\u00e4rysmitan mukaan)<\/li>\n<\/ul>\n<p><strong>Kokotaulukko:<\/strong><\/p>\n<table style=\"height: 273px;\" width=\"1728\">\n<tbody>\n<tr>\n<td>Pohkeen ymp.mitta (cm)<\/td>\n<td>Koko<\/td>\n<\/tr>\n<tr>\n<td>20-26<\/td>\n<td>XS<\/td>\n<\/tr>\n<tr>\n<td>27-33<\/td>\n<td>S<\/td>\n<\/tr>\n<tr>\n<td>34-38<\/td>\n<td>M<\/td>\n<\/tr>\n<tr>\n<td>39-43<\/td>\n<td>L<\/td>\n<\/tr>\n<tr>\n<td>44-49<\/td>\n<td>XL<\/td>\n<\/tr>\n<tr>\n<td>49-55<\/td>\n<td>XXL<\/td>\n<\/tr>\n<tr>\n<td><\/td>\n<td><\/td>\n<\/tr>\n<\/tbody>\n<\/table>\n<p><strong>Mittausohje: Ota mitta pohkeen paksuimmasta kohdasta istuen, pohjelihakset rentoina ja polvi 90 asteen kulmassa. Jos mitta on kahden koon v\u00e4liss\u00e4, valitse suurempi koko. <\/strong><\/p>\n<p><strong>Pesuohje:<\/strong><\/p>\n<ul>\n<li>K\u00e4sinpesu tai konepesu 30\u00b0- 40\u00b0C<\/li>\n<li>\u00c4l\u00e4 k\u00e4yt\u00e4 huuhtelu- tai valkaisuainetta<\/li>\n<li>Ei linkousta<\/li>\n<li>Ei kuivapesua<\/li>\n<li>Ei rumpukuivausta<\/li>\n<li>Ei silityst\u00e4<\/li>\n<\/ul>\n","protected":false},"excerpt":{"rendered":"<p><strong>HUOM! Hinta sis\u00e4lt\u00e4\u00e4 toimituksen postipakettina (toimitusaika n. 2-3 p\u00e4iv\u00e4\u00e4)<\/strong><\/p>\n<p>Korkealaatuiset eXtend Low \u2013 kompressios\u00e4\u00e4rystimet ovat kotimaista huippusuunnittelua ja ne soveltuvat erinomaisesti niin ty\u00f6- kuin matkustusk\u00e4ytt\u00f6\u00f6n.<\/p>\n<p>S\u00e4\u00e4rystimien ainutlaatuinen k\u00e4ytt\u00f6mukavuus, tieteellisesti optimoitu asteittainen matala kompressiopaine (10-15mmHg) ja miellytt\u00e4v\u00e4t materiaalit auttavat jalkoja jaksamaan paremmin olipa kyseess\u00e4 pitk\u00e4kestoinen istuminen tai seisominen. S\u00e4\u00e4rystimien avulla voidaan tehostaa jalkojen verenkiertoa, v\u00e4hent\u00e4\u00e4 ja ennaltaehk\u00e4ist\u00e4 jalkojen turvotusta, v\u00e4symist\u00e4 sek\u00e4 erilaisia jalkojen kiputiloja. S\u00e4\u00e4rystimet soveltuvat erinomaisesti my\u00f6s kevyeen liikuntaan ja rasituksesta palautumiseen.<\/p>\n<p><strong><span class=\"caps\">HUOM<\/span>! Pakkaus sis\u00e4lt\u00e4\u00e4 yhden parin eXtend -s\u00e4\u00e4rystimi\u00e4!<\/strong><\/p>\n","protected":false},"featured_media":323,"comment_status":"open","ping_status":"closed","template":"","meta":{"_acf_changed":false,"_kad_post_transparent":"default","_kad_post_title":"","_kad_post_layout":"default","_kad_post_sidebar_id":"","_kad_post_content_style":"default","_kad_post_vertical_padding":"default","_kad_post_feature":"","_kad_post_feature_position":"","_kad_post_header":false,"_kad_post_footer":false,"_kad_post_classname":""},"product_brand":[],"product_cat":[22,33],"product_tag":[],"class_list":{"0":"post-290","1":"product","2":"type-product","3":"status-publish","4":"has-post-thumbnail","6":"product_cat-ergosafe","7":"product_cat-tyokengat-ja-vaatteet","9":"first","10":"instock","11":"taxable","12":"shipping-taxable","13":"purchasable","14":"product-type-variable","15":"entry","16":"content-bg","17":"loop-entry"},"acf":[],"_links":{"self":[{"href":"https:\/\/marketplace.epassi.fi\/tritanium-finland\/wp-json\/wp\/v2\/product\/290","targetHints":{"allow":["GET"]}}],"collection":[{"href":"https:\/\/marketplace.epassi.fi\/tritanium-finland\/wp-json\/wp\/v2\/product"}],"about":[{"href":"https:\/\/marketplace.epassi.fi\/tritanium-finland\/wp-json\/wp\/v2\/types\/product"}],"replies":[{"embeddable":true,"href":"https:\/\/marketplace.epassi.fi\/tritanium-finland\/wp-json\/wp\/v2\/comments?post=290"}],"wp:featuredmedia":[{"embeddable":true,"href":"https:\/\/marketplace.epassi.fi\/tritanium-finland\/wp-json\/wp\/v2\/media\/323"}],"wp:attachment":[{"href":"https:\/\/marketplace.epassi.fi\/tritanium-finland\/wp-json\/wp\/v2\/media?parent=290"}],"wp:term":[{"taxonomy":"product_brand","embeddable":true,"href":"https:\/\/marketplace.epassi.fi\/tritanium-finland\/wp-json\/wp\/v2\/product_brand?post=290"},{"taxonomy":"product_cat","embeddable":true,"href":"https:\/\/marketplace.epassi.fi\/tritanium-finland\/wp-json\/wp\/v2\/product_cat?post=290"},{"taxonomy":"product_tag","embeddable":true,"href":"https:\/\/marketplace.epassi.fi\/tritanium-finland\/wp-json\/wp\/v2\/product_tag?post=290"}],"curies":[{"name":"wp","href":"https:\/\/api.w.org\/{rel}","templated":true}]}}