{"id":388,"date":"2023-10-25T15:03:06","date_gmt":"2023-10-25T12:03:06","guid":{"rendered":"https:\/\/marketplace.epassi.fi\/unelmio\/?post_type=product&#038;p=388"},"modified":"2025-10-30T15:35:28","modified_gmt":"2025-10-30T13:35:28","slug":"avoin-summa","status":"publish","type":"product","link":"https:\/\/marketplace.epassi.fi\/unelmio\/kauppa\/hyvinvointi\/hieronta\/avoin-summa\/","title":{"rendered":"Avoin summa"},"content":{"rendered":"<p>Avoin summa, jonka voit hy\u00f6dynt\u00e4\u00e4 seuraavaan hierontak\u00e4yntiin.<\/p>\n","protected":false},"excerpt":{"rendered":"<p>Avoin summa, jonka voit hy\u00f6dynt\u00e4\u00e4 seuraavaan hierontak\u00e4yntiin.<\/p>\n","protected":false},"featured_media":371,"comment_status":"open","ping_status":"closed","template":"","meta":{"_acf_changed":false,"_kad_post_transparent":"default","_kad_post_title":"","_kad_post_layout":"default","_kad_post_sidebar_id":"","_kad_post_content_style":"default","_kad_post_vertical_padding":"default","_kad_post_feature":"","_kad_post_feature_position":"","_kad_post_header":false,"_kad_post_footer":false,"_kad_post_classname":""},"product_brand":[],"product_cat":[31,21],"product_tag":[],"class_list":{"0":"post-388","1":"product","2":"type-product","3":"status-publish","4":"has-post-thumbnail","6":"product_cat-hieronta","7":"product_cat-hyvinvointi","9":"first","10":"instock","11":"taxable","12":"shipping-taxable","13":"purchasable","14":"product-type-simple","15":"entry","16":"content-bg","17":"loop-entry"},"acf":[],"_links":{"self":[{"href":"https:\/\/marketplace.epassi.fi\/unelmio\/wp-json\/wp\/v2\/product\/388","targetHints":{"allow":["GET"]}}],"collection":[{"href":"https:\/\/marketplace.epassi.fi\/unelmio\/wp-json\/wp\/v2\/product"}],"about":[{"href":"https:\/\/marketplace.epassi.fi\/unelmio\/wp-json\/wp\/v2\/types\/product"}],"replies":[{"embeddable":true,"href":"https:\/\/marketplace.epassi.fi\/unelmio\/wp-json\/wp\/v2\/comments?post=388"}],"wp:featuredmedia":[{"embeddable":true,"href":"https:\/\/marketplace.epassi.fi\/unelmio\/wp-json\/wp\/v2\/media\/371"}],"wp:attachment":[{"href":"https:\/\/marketplace.epassi.fi\/unelmio\/wp-json\/wp\/v2\/media?parent=388"}],"wp:term":[{"taxonomy":"product_brand","embeddable":true,"href":"https:\/\/marketplace.epassi.fi\/unelmio\/wp-json\/wp\/v2\/product_brand?post=388"},{"taxonomy":"product_cat","embeddable":true,"href":"https:\/\/marketplace.epassi.fi\/unelmio\/wp-json\/wp\/v2\/product_cat?post=388"},{"taxonomy":"product_tag","embeddable":true,"href":"https:\/\/marketplace.epassi.fi\/unelmio\/wp-json\/wp\/v2\/product_tag?post=388"}],"curies":[{"name":"wp","href":"https:\/\/api.w.org\/{rel}","templated":true}]}}