{"id":290,"date":"2021-10-20T17:09:46","date_gmt":"2021-10-20T14:09:46","guid":{"rendered":"https:\/\/marketplace.epassi.fi\/viaesca\/?post_type=product&#038;p=290"},"modified":"2025-10-30T14:06:10","modified_gmt":"2025-10-30T12:06:10","slug":"viaesca-21-paivan-aloitusmatka","status":"publish","type":"product","link":"https:\/\/marketplace.epassi.fi\/viaesca\/kauppa\/hyvinvointi\/viaesca-21-paivan-aloitusmatka\/","title":{"rendered":"ViaEsca 21 p\u00e4iv\u00e4n aloitusmatka"},"content":{"rendered":"<div class=\"layoutArea\">\n<div class=\"column\">\n<p>ViaEsca on yksil\u00f6llinen hyvinvointivalmennus, joka keskittyy ravintoon ja jonka aikana saavutat tavoitteesi, liittyiv\u00e4t ne sitten jaksamisen parantamiseen tai painonpudotukseen. Ohjelma auttaa sinua l\u00f6yt\u00e4m\u00e4\u00e4n tasapainon kulutuksesi ja maistuvan ruuan v\u00e4lill\u00e4.<\/p>\n<\/div>\n<\/div>\n<div class=\"layoutArea\">\n<div class=\"column\">\n<p>Ensimm\u00e4isen kolmen viikon aikana:<\/p>\n<p>1. Paino putoaa keskim\u00e4\u00e4rin 3,5 kg ja rasvan m\u00e4\u00e4r\u00e4 v\u00e4henee keskim\u00e4\u00e4rin 1,5 kg.<\/p>\n<\/div>\n<\/div>\n<div class=\"layoutArea\">\n<div class=\"column\">\n<p>2. Maksimaalinen hapenottokyky paranee keskim\u00e4\u00e4rin 13%.<\/p>\n<\/div>\n<\/div>\n<div class=\"layoutArea\">\n<div class=\"column\">\n<p>3. Palautuminen paranee valveilla ollessa keskim\u00e4\u00e4rin 28%.<\/p>\n<\/div>\n<\/div>\n<div class=\"section\">\n<div class=\"layoutArea\">\n<div class=\"column\">\n<p>Valmennuksessa r\u00e4\u00e4t\u00e4l\u00f6id\u00e4\u00e4n ateriasuunnitelma vastaamaan omaa kulutustasi ja tavoitteitasi. Seuranta\u00a0tapahtuu \u00e4lypuhelinsovelluksella ja sovellukseen on mahdollista liitt\u00e4\u00e4 aktiivisuusranneke, jolloin ateriasuunnitelmasta saadaan tarkempi ja valmennuksesta kokonaisvaltaisempi. Ohjelman avulla opit sy\u00f6m\u00e4\u00e4n tasaisesti p\u00e4iv\u00e4n mittaan ja mitoittamaan sy\u00f6misesi omaan aktiivisuuteesi ja tavoitteisiisi. Tuloksia saat jo lyhyess\u00e4 ajassa.<\/p>\n<\/div>\n<\/div>\n<\/div>\n<div class=\"layoutArea\">\n<div class=\"column\">\n<p>&nbsp;<\/p>\n<\/div>\n<\/div>\n","protected":false},"excerpt":{"rendered":"<p>ViaEsca on yksil\u00f6llinen valmennusohjelma, joka keskittyy ravintoon ja jonka aikana saavutat tavoitteesi, liittyiv\u00e4t ne sitten jaksamisen parantamiseen tai painonpudotukseen. Ohjelma auttaa sinua l\u00f6yt\u00e4m\u00e4\u00e4n tasapainon kulutuksesi ja maistuvan ruuan v\u00e4lill\u00e4. Ohjelmaan on yhdistett\u00e4viss\u00e4 aktiivisuusranneke, jolloin valmennuksesta saadaan kokonaisvaltaisempi. Ranneke ei kuulu pakettihintaan.<\/p>\n<p><strong>Nyt valittavissa my\u00f6s uusi vaihdevuosi-ruokavalio<\/strong>! T\u00e4m\u00e4n ruokavalion avulla voit saada vaihdevuosioireet v\u00e4henem\u00e4\u00e4n sek\u00e4 onnistut painonhallinnassa my\u00f6s vaihdevuosissa. \ud83d\ude4c<\/p>\n","protected":false},"featured_media":310,"comment_status":"open","ping_status":"closed","template":"","meta":{"_acf_changed":false,"_kad_post_transparent":"default","_kad_post_title":"","_kad_post_layout":"default","_kad_post_sidebar_id":"","_kad_post_content_style":"default","_kad_post_vertical_padding":"default","_kad_post_feature":"","_kad_post_feature_position":"","_kad_post_header":false,"_kad_post_footer":false,"_kad_post_classname":""},"product_brand":[],"product_cat":[21],"product_tag":[],"class_list":{"0":"post-290","1":"product","2":"type-product","3":"status-publish","4":"has-post-thumbnail","6":"product_cat-hyvinvointi","8":"first","9":"instock","10":"virtual","11":"taxable","12":"purchasable","13":"product-type-simple","14":"entry","15":"content-bg","16":"loop-entry"},"acf":[],"_links":{"self":[{"href":"https:\/\/marketplace.epassi.fi\/viaesca\/wp-json\/wp\/v2\/product\/290","targetHints":{"allow":["GET"]}}],"collection":[{"href":"https:\/\/marketplace.epassi.fi\/viaesca\/wp-json\/wp\/v2\/product"}],"about":[{"href":"https:\/\/marketplace.epassi.fi\/viaesca\/wp-json\/wp\/v2\/types\/product"}],"replies":[{"embeddable":true,"href":"https:\/\/marketplace.epassi.fi\/viaesca\/wp-json\/wp\/v2\/comments?post=290"}],"wp:featuredmedia":[{"embeddable":true,"href":"https:\/\/marketplace.epassi.fi\/viaesca\/wp-json\/wp\/v2\/media\/310"}],"wp:attachment":[{"href":"https:\/\/marketplace.epassi.fi\/viaesca\/wp-json\/wp\/v2\/media?parent=290"}],"wp:term":[{"taxonomy":"product_brand","embeddable":true,"href":"https:\/\/marketplace.epassi.fi\/viaesca\/wp-json\/wp\/v2\/product_brand?post=290"},{"taxonomy":"product_cat","embeddable":true,"href":"https:\/\/marketplace.epassi.fi\/viaesca\/wp-json\/wp\/v2\/product_cat?post=290"},{"taxonomy":"product_tag","embeddable":true,"href":"https:\/\/marketplace.epassi.fi\/viaesca\/wp-json\/wp\/v2\/product_tag?post=290"}],"curies":[{"name":"wp","href":"https:\/\/api.w.org\/{rel}","templated":true}]}}