{"id":67,"date":"2021-09-13T18:36:17","date_gmt":"2021-09-13T18:36:17","guid":{"rendered":"https:\/\/marketplace.epassi.fi\/viven\/?post_type=product&#038;p=67"},"modified":"2026-01-14T16:35:20","modified_gmt":"2026-01-14T14:35:20","slug":"naisen-360o-terveysanalyysi","status":"publish","type":"product","link":"https:\/\/marketplace.epassi.fi\/viven\/kauppa\/hyvinvointi\/naisen-360o-terveysanalyysi\/","title":{"rendered":"Naisen 360\u00ba terveysanalyysi"},"content":{"rendered":"<p>Naisen 360\u00ba terveysanalyysin avulla ymm\u00e4rr\u00e4t kehoasi, hormonejasi ja oireitasi t\u00e4ysin uudella tarkkuudella.<\/p>\n<p>Palvelu yhdist\u00e4\u00e4 verikokeet syv\u00e4lliseen analyysiin, personoituun jatkosuunnitelmaan ja tuloksesi kommentoivan l\u00e4\u00e4k\u00e4rin suosituksiin juuri sinulle.<\/p>\n<p>Lue lis\u00e4\u00e4: https:\/\/viven.fi\/<\/p>\n","protected":false},"excerpt":{"rendered":"<p>Naisen 360\u00ba terveysanalyysi yhdist\u00e4\u00e4 laajat verikokeet ja kattavan terveyskyselyn.<\/p>\n","protected":false},"featured_media":341,"comment_status":"open","ping_status":"closed","template":"","meta":{"_acf_changed":false,"_kad_post_transparent":"default","_kad_post_title":"","_kad_post_layout":"default","_kad_post_sidebar_id":"","_kad_post_content_style":"default","_kad_post_vertical_padding":"default","_kad_post_feature":"","_kad_post_feature_position":"","_kad_post_header":false,"_kad_post_footer":false,"_kad_post_classname":""},"product_brand":[],"product_cat":[21],"product_tag":[],"class_list":{"0":"post-67","1":"product","2":"type-product","3":"status-publish","4":"has-post-thumbnail","6":"product_cat-hyvinvointi","8":"first","9":"instock","10":"virtual","11":"taxable","12":"purchasable","13":"product-type-simple","14":"entry","15":"content-bg","16":"loop-entry"},"acf":[],"_links":{"self":[{"href":"https:\/\/marketplace.epassi.fi\/viven\/wp-json\/wp\/v2\/product\/67","targetHints":{"allow":["GET"]}}],"collection":[{"href":"https:\/\/marketplace.epassi.fi\/viven\/wp-json\/wp\/v2\/product"}],"about":[{"href":"https:\/\/marketplace.epassi.fi\/viven\/wp-json\/wp\/v2\/types\/product"}],"replies":[{"embeddable":true,"href":"https:\/\/marketplace.epassi.fi\/viven\/wp-json\/wp\/v2\/comments?post=67"}],"wp:featuredmedia":[{"embeddable":true,"href":"https:\/\/marketplace.epassi.fi\/viven\/wp-json\/wp\/v2\/media\/341"}],"wp:attachment":[{"href":"https:\/\/marketplace.epassi.fi\/viven\/wp-json\/wp\/v2\/media?parent=67"}],"wp:term":[{"taxonomy":"product_brand","embeddable":true,"href":"https:\/\/marketplace.epassi.fi\/viven\/wp-json\/wp\/v2\/product_brand?post=67"},{"taxonomy":"product_cat","embeddable":true,"href":"https:\/\/marketplace.epassi.fi\/viven\/wp-json\/wp\/v2\/product_cat?post=67"},{"taxonomy":"product_tag","embeddable":true,"href":"https:\/\/marketplace.epassi.fi\/viven\/wp-json\/wp\/v2\/product_tag?post=67"}],"curies":[{"name":"wp","href":"https:\/\/api.w.org\/{rel}","templated":true}]}}